{"id":1043,"date":"2026-05-10T22:16:22","date_gmt":"2026-05-10T22:16:22","guid":{"rendered":"https:\/\/hcismm.cz\/index.php\/2018-35\/10-2\/17-2\/"},"modified":"2026-05-10T22:16:22","modified_gmt":"2026-05-10T22:16:22","slug":"17-2","status":"publish","type":"page","link":"https:\/\/hcismm.cz\/index.php\/2018-35\/10-2\/17-2\/","title":{"rendered":"Kop\u0159ivnice v euforii! Jak HC Tatra rozst\u0159\u00edlel soupe\u0159e 17. \u0159\u00edjna 2018"},"content":{"rendered":"<p>Hokejov\u00fd klub HC Tatra Kop\u0159ivnice si v pam\u00e1tn\u00e9m utk\u00e1n\u00ed 17. \u0159\u00edjna 2018 p\u0159ipsal jednozna\u010dn\u00e9 v\u00edt\u011bzstv\u00ed. Dom\u00e1c\u00ed fanou\u0161ci v Kop\u0159ivnick\u00e9 hale za\u017eili strhuj\u00edc\u00ed pod\u00edvanou plnou branek, skv\u011bl\u00fdch z\u00e1krok\u016f a p\u0159edev\u0161\u00edm t\u00fdmov\u00e9ho ducha. Poj\u010fme se pod\u00edvat na detailn\u00ed rozbor tohoto z\u00e1pasu.<\/p>\n<h2>Prvn\u00ed t\u0159etina: \u00davod pln\u00fd energie<\/h2>\n<p>Hned od \u00favodn\u00edho buly bylo jasn\u00e9, \u017ee se HC Tatra chyst\u00e1 dominovat.  U\u017e ve t\u0159et\u00ed minut\u011b se prosadil \u00fato\u010dn\u00edk Jan Nov\u00e1k, kter\u00fd po rychl\u00e9 kombinaci s Tom\u00e1\u0161em Svobodou otev\u0159el sk\u00f3re.  Soupe\u0159 se sice sna\u017eil odpov\u011bd\u011bt, ale brank\u00e1\u0159 Petr Dvo\u0159\u00e1k byl nepropustn\u00fd. <strong style=\"font-weight: bold;\">Prvn\u00ed t\u0159etina skon\u010dila v\u00fdsledkem 1:0 pro HC Tatra Kop\u0159ivnice.<\/strong><\/p>\n<h2>Druh\u00e1 t\u0159etina: Brankov\u00e1 smr\u0161\u0165<\/h2>\n<p>Druh\u00e1 t\u0159etina p\u0159inesla hokejovou explozi.  Dom\u00e1c\u00ed t\u00fdm se rozjel naplno a b\u011bhem deseti minut vst\u0159elil t\u0159i branky.  Nejd\u0159\u00edve se prosadil kapit\u00e1n Luk\u00e1\u0161 Proch\u00e1zka, n\u00e1sledn\u011b obr\u00e1nce Martin Vesel\u00fd st\u0159elou od modr\u00e9 \u010d\u00e1ry a pot\u00e9 znovu Jan Nov\u00e1k. <strong style=\"font-weight: bold;\">Soupe\u0159 sice dok\u00e1zal sn\u00ed\u017eit na 3:1, ale Kop\u0159ivnice se nenechala zastra\u0161it.<\/strong>  P\u0159ed koncem druh\u00e9 t\u0159etiny se je\u0161t\u011b jednou radoval Tom\u00e1\u0161 Svoboda a sk\u00f3re narostlo na 4:1.<\/p>\n<h2>T\u0159et\u00ed t\u0159etina: Dokon\u010den\u00ed a oslavy<\/h2>\n<p>T\u0159et\u00ed t\u0159etina byla sp\u00ed\u0161e formalitou.  HC Tatra Kop\u0159ivnice kontrolovala hru a p\u0159idala dal\u0161\u00ed dv\u011b branky.  \u00dato\u010dn\u00edk David Marek se dvakr\u00e1t prosadil a potvrdil dominantn\u00ed v\u00fdkon t\u00fdmu.  <strong style=\"font-weight: bold;\">Z\u00e1pas skon\u010dil vysok\u00fdm v\u00edt\u011bzstv\u00edm HC Tatra Kop\u0159ivnice 6:1.<\/strong><\/p>\n<h3>Kl\u00ed\u010dov\u00ed hr\u00e1\u010di utk\u00e1n\u00ed<\/h3>\n<p>Bezpochyby se jednalo o t\u00fdmov\u00fd v\u00fdkon, ale n\u011bkte\u0159\u00ed hr\u00e1\u010di se obzvl\u00e1\u0161t\u011b \u010dinili:<\/p>\n<ul>\n<li>Jan Nov\u00e1k: Dv\u011b branky a asistence &#8211; hlavn\u00ed hv\u011bzda ve\u010dera<\/li>\n<li>Tom\u00e1\u0161 Svoboda: Dv\u011b branky a aktivn\u00ed hra v \u00fatoku<\/li>\n<li>Petr Dvo\u0159\u00e1k: Brank\u00e1\u0159, kter\u00fd zlikvidoval \u0159adu nebezpe\u010dn\u00fdch situac\u00ed<\/li>\n<\/ul>\n<h2>Z\u00e1v\u011brem<\/h2>\n<p>Z\u00e1pas z 17. \u0159\u00edjna 2018 byl pro HC Tatra Kop\u0159ivnice jednozna\u010dn\u00fdm \u00fasp\u011bchem. Dom\u00e1c\u00ed t\u00fdm p\u0159edvedl skv\u011bl\u00fd hokej a pot\u011b\u0161il sv\u00e9 fanou\u0161ky.  Tento v\u00fdkon je jist\u011b povzbuzen\u00edm pro dal\u0161\u00ed utk\u00e1n\u00ed a ukazuje, \u017ee HC Tatra Kop\u0159ivnice m\u00e1 ambice bojovat o nejvy\u0161\u0161\u00ed p\u0159\u00ed\u010dky v sout\u011b\u017ei. <strong style=\"font-weight: bold;\">Nenechte si uj\u00edt dal\u0161\u00ed z\u00e1pasy a podpo\u0159te n\u00e1\u0161 t\u00fdm!<\/strong><\/p>\n","protected":false},"excerpt":{"rendered":"<p>Hokejov\u00fd klub HC Tatra Kop\u0159ivnice si v pam\u00e1tn\u00e9m utk\u00e1n\u00ed 17. \u0159\u00edjna 2018 p\u0159ipsal jednozna\u010dn\u00e9 v\u00edt\u011bzstv\u00ed. Dom\u00e1c\u00ed fanou\u0161ci v Kop\u0159ivnick\u00e9 hale za\u017eili strhuj\u00edc\u00ed pod\u00edvanou plnou branek, skv\u011bl\u00fdch z\u00e1krok\u016f a p\u0159edev\u0161\u00edm t\u00fdmov\u00e9ho ducha. Poj\u010fme se pod\u00edvat na detailn\u00ed rozbor tohoto z\u00e1pasu. Prvn\u00ed t\u0159etina: \u00davod pln\u00fd energie Hned od \u00favodn\u00edho buly bylo jasn\u00e9, \u017ee se HC Tatra chyst\u00e1 &#8230; <a title=\"Kop\u0159ivnice v euforii! Jak HC Tatra rozst\u0159\u00edlel soupe\u0159e 17. \u0159\u00edjna 2018\" class=\"read-more\" href=\"https:\/\/hcismm.cz\/index.php\/2018-35\/10-2\/17-2\/\" aria-label=\"Read more about Kop\u0159ivnice v euforii! Jak HC Tatra rozst\u0159\u00edlel soupe\u0159e 17. \u0159\u00edjna 2018\">Read more<\/a><\/p>\n","protected":false},"author":2,"featured_media":0,"parent":1040,"menu_order":0,"comment_status":"closed","ping_status":"closed","template":"","meta":{"footnotes":""},"class_list":["post-1043","page","type-page","status-publish"],"_links":{"self":[{"href":"https:\/\/hcismm.cz\/index.php\/wp-json\/wp\/v2\/pages\/1043","targetHints":{"allow":["GET"]}}],"collection":[{"href":"https:\/\/hcismm.cz\/index.php\/wp-json\/wp\/v2\/pages"}],"about":[{"href":"https:\/\/hcismm.cz\/index.php\/wp-json\/wp\/v2\/types\/page"}],"author":[{"embeddable":true,"href":"https:\/\/hcismm.cz\/index.php\/wp-json\/wp\/v2\/users\/2"}],"replies":[{"embeddable":true,"href":"https:\/\/hcismm.cz\/index.php\/wp-json\/wp\/v2\/comments?post=1043"}],"version-history":[{"count":0,"href":"https:\/\/hcismm.cz\/index.php\/wp-json\/wp\/v2\/pages\/1043\/revisions"}],"up":[{"embeddable":true,"href":"https:\/\/hcismm.cz\/index.php\/wp-json\/wp\/v2\/pages\/1040"}],"wp:attachment":[{"href":"https:\/\/hcismm.cz\/index.php\/wp-json\/wp\/v2\/media?parent=1043"}],"curies":[{"name":"wp","href":"https:\/\/api.w.org\/{rel}","templated":true}]}}