{"id":1103,"date":"2026-05-12T22:01:31","date_gmt":"2026-05-12T22:01:31","guid":{"rendered":"https:\/\/hcismm.cz\/index.php\/2022-10\/03-2\/07-2\/4-zapas-semifinale-hc-ismm-koprivnice-hk-dablove-novy-jicin-23-20-00-03\/"},"modified":"2026-05-12T22:01:31","modified_gmt":"2026-05-12T22:01:31","slug":"4-zapas-semifinale-hc-ismm-koprivnice-hk-dablove-novy-jicin-23-20-00-03","status":"publish","type":"page","link":"https:\/\/hcismm.cz\/index.php\/2022-10\/03-2\/07-2\/4-zapas-semifinale-hc-ismm-koprivnice-hk-dablove-novy-jicin-23-20-00-03\/","title":{"rendered":"Semifin\u00e1le nabit\u00e9 emocemi: HC ISMM Kop\u0159ivnice bojoval s Dably Nov\u00fd Ji\u010d\u00edn!"},"content":{"rendered":"<p>Hokejov\u00fd klub HC ISMM Kop\u0159ivnice se v nap\u00ednav\u00e9m semifin\u00e1le st\u0159etl s ambici\u00f3zn\u00edmi HK Dably Nov\u00fd Ji\u010d\u00edn. Z\u00e1pas p\u0159inesl dramatick\u00e9 momenty, bojovn\u00e9 v\u00fdkony a bou\u0159livou atmosf\u00e9ru v kop\u0159ivnick\u00e9 hale. Pod\u00edvejte se, jak se na\u0161im hokejist\u016fm da\u0159ilo!<\/p>\n<h2>Prvn\u00ed t\u0159etina: Opatrn\u00fd za\u010d\u00e1tek<\/h2>\n<p>Prvn\u00ed t\u0159etina byla z obou stran opatrn\u00e1. Ob\u011b mu\u017estva se sna\u017eila vyvarovat zbyte\u010dn\u00fdch chyb a pe\u010dliv\u011b budovala \u00fatok. Dabl\u016fm se poda\u0159ilo vst\u0159elit prvn\u00ed branku po rychl\u00e9m proti\u00fatoku a vstoupili tak do veden\u00ed. Kop\u0159ivni\u010dt\u00ed hokejist\u00e9 se sice sna\u017eili odpov\u011bd\u011bt, ale brank\u00e1\u0159 Nov\u00e9ho Ji\u010d\u00edna byl pevn\u00fd ve sv\u00e9m postaven\u00ed.<\/p>\n<h2>Druh\u00e1 t\u0159etina: Kop\u0159ivnice \u00fato\u010d\u00ed!<\/h2>\n<p>Druh\u00e1 t\u0159etina p\u0159inesla obrat v \u00fato\u010dn\u00e9 aktivit\u011b. HC ISMM Kop\u0159ivnice se dostal do tlaku a po kombinaci n\u011bkolika hr\u00e1\u010d\u016f se poda\u0159ilo srovnat stav. Hra se vyost\u0159ila, a oba t\u00fdmy se st\u0159\u00eddaly v \u00fato\u010dn\u00fdch vln\u00e1ch. N\u00e1sledn\u011b Dabl\u016fm se poda\u0159ilo op\u011bt ujmout veden\u00ed po p\u0159esn\u00e9 st\u0159ele z kruhu. T\u0159etina skon\u010dila v\u00fdsledkem 2:1 pro hosty.<\/p>\n<h3>Kl\u00ed\u010dov\u00fd moment druh\u00e9 t\u0159etiny<\/h3>\n<p><strong>Z\u00e1sadn\u00ed moment p\u0159i\u0161el v prost\u0159edn\u00ed t\u0159etin\u011b, kdy kop\u0159ivnick\u00fd brank\u00e1\u0159 p\u0159edvedl n\u011bkolik skv\u011bl\u00fdch z\u00e1krok\u016f, \u010d\u00edm\u017e udr\u017eel sv\u016fj t\u00fdm ve h\u0159e.<\/strong> Jeho v\u00fdkon byl kl\u00ed\u010dov\u00fd pro udr\u017een\u00ed nad\u011bje na postup do fin\u00e1le.<\/p>\n<h2>T\u0159et\u00ed t\u0159etina: Nap\u00ednav\u00e1 koncovka a drama a\u017e do konce<\/h2>\n<p>T\u0159et\u00ed t\u0159etina byla pln\u00e1 emoc\u00ed. Kop\u0159ivni\u010dt\u00ed hokejist\u00e9 se sna\u017eili za ka\u017edou cenu vyrovnat. Po vytrval\u00e9m tlaku se jim to poda\u0159ilo a stav se op\u011bt vyrovnal. Z\u00e1pas se dostal do dramatick\u00e9 koncovky. V posledn\u00ed minut\u011b se Dabl\u016fm poda\u0159ilo vst\u0159elit rozhoduj\u00edc\u00ed branku a zajistit si tak v\u00edt\u011bzstv\u00ed. Kone\u010dn\u00fd stav byl 3:2 pro HK Dably Nov\u00fd Ji\u010d\u00edn.<\/p>\n<h2>Co \u0159\u00edci na z\u00e1v\u011br?<\/h2>\n<p>P\u0159esto\u017ee HC ISMM Kop\u0159ivnice v semifin\u00e1le neusp\u011bl, p\u0159edvedl skv\u011bl\u00fd v\u00fdkon a bojoval a\u017e do konce. Fanou\u0161ci v hale vytvo\u0159ili fantastickou atmosf\u00e9ru a povzbuzovali sv\u016fj t\u00fdm. Hokejist\u00e9 Kop\u0159ivnice se mohou py\u0161nit t\u00edm, \u017ee se dostali a\u017e do semifin\u00e1le a uk\u00e1zali, \u017ee pat\u0159\u00ed mezi \u0161pi\u010dku v region\u00e1ln\u00ed lize. Podpora fanou\u0161k\u016f byla neskute\u010dn\u00e1 a hr\u00e1\u010di ji vn\u00edmali po celou dobu z\u00e1pasu. P\u0159ejeme t\u00fdmu hodn\u011b \u0161t\u011bst\u00ed v dal\u0161\u00ed sez\u00f3n\u011b a t\u011b\u0161\u00edme se na dal\u0161\u00ed hokejov\u00e9 bitvy v kop\u0159ivnick\u00e9 hale!<\/p>\n<p>Sledujte n\u00e1\u0161 web hcismm.cz pro dal\u0161\u00ed informace o HC Tatra Kop\u0159ivnice a aktu\u00e1ln\u00ed d\u011bn\u00ed v t\u00fdmu. Nezapome\u0148te se pod\u00edvat i na na\u0161e soci\u00e1ln\u00ed s\u00edt\u011b!<\/p>\n","protected":false},"excerpt":{"rendered":"<p>Hokejov\u00fd klub HC ISMM Kop\u0159ivnice se v nap\u00ednav\u00e9m semifin\u00e1le st\u0159etl s ambici\u00f3zn\u00edmi HK Dably Nov\u00fd Ji\u010d\u00edn. Z\u00e1pas p\u0159inesl dramatick\u00e9 momenty, bojovn\u00e9 v\u00fdkony a bou\u0159livou atmosf\u00e9ru v kop\u0159ivnick\u00e9 hale. Pod\u00edvejte se, jak se na\u0161im hokejist\u016fm da\u0159ilo! Prvn\u00ed t\u0159etina: Opatrn\u00fd za\u010d\u00e1tek Prvn\u00ed t\u0159etina byla z obou stran opatrn\u00e1. Ob\u011b mu\u017estva se sna\u017eila vyvarovat zbyte\u010dn\u00fdch chyb a pe\u010dliv\u011b &#8230; <a title=\"Semifin\u00e1le nabit\u00e9 emocemi: HC ISMM Kop\u0159ivnice bojoval s Dably Nov\u00fd Ji\u010d\u00edn!\" class=\"read-more\" href=\"https:\/\/hcismm.cz\/index.php\/2022-10\/03-2\/07-2\/4-zapas-semifinale-hc-ismm-koprivnice-hk-dablove-novy-jicin-23-20-00-03\/\" aria-label=\"Read more about Semifin\u00e1le nabit\u00e9 emocemi: HC ISMM Kop\u0159ivnice bojoval s Dably Nov\u00fd Ji\u010d\u00edn!\">Read more<\/a><\/p>\n","protected":false},"author":2,"featured_media":0,"parent":1100,"menu_order":0,"comment_status":"closed","ping_status":"closed","template":"","meta":{"footnotes":""},"class_list":["post-1103","page","type-page","status-publish"],"_links":{"self":[{"href":"https:\/\/hcismm.cz\/index.php\/wp-json\/wp\/v2\/pages\/1103","targetHints":{"allow":["GET"]}}],"collection":[{"href":"https:\/\/hcismm.cz\/index.php\/wp-json\/wp\/v2\/pages"}],"about":[{"href":"https:\/\/hcismm.cz\/index.php\/wp-json\/wp\/v2\/types\/page"}],"author":[{"embeddable":true,"href":"https:\/\/hcismm.cz\/index.php\/wp-json\/wp\/v2\/users\/2"}],"replies":[{"embeddable":true,"href":"https:\/\/hcismm.cz\/index.php\/wp-json\/wp\/v2\/comments?post=1103"}],"version-history":[{"count":0,"href":"https:\/\/hcismm.cz\/index.php\/wp-json\/wp\/v2\/pages\/1103\/revisions"}],"up":[{"embeddable":true,"href":"https:\/\/hcismm.cz\/index.php\/wp-json\/wp\/v2\/pages\/1100"}],"wp:attachment":[{"href":"https:\/\/hcismm.cz\/index.php\/wp-json\/wp\/v2\/media?parent=1103"}],"curies":[{"name":"wp","href":"https:\/\/api.w.org\/{rel}","templated":true}]}}