{"id":1205,"date":"2026-05-14T22:11:31","date_gmt":"2026-05-14T22:11:31","guid":{"rendered":"https:\/\/hcismm.cz\/index.php\/2018-44\/11-2\/01-2\/"},"modified":"2026-05-14T22:11:31","modified_gmt":"2026-05-14T22:11:31","slug":"01-2","status":"publish","type":"page","link":"https:\/\/hcismm.cz\/index.php\/2018-44\/11-2\/01-2\/","title":{"rendered":"HC Tatra Kop\u0159ivnice v duelu s D\u011b\u010d\u00ednem: Drama a\u017e do z\u00e1v\u011bre\u010dn\u00e9 sir\u00e9ny!"},"content":{"rendered":"<p>Hokejov\u00fd klub HC Tatra Kop\u0159ivnice se 1. listopadu 2018 utkal v nap\u00ednav\u00e9m utk\u00e1n\u00ed s t\u00fdmem D\u011b\u010d\u00edn. Z\u00e1pas nab\u00eddl div\u00e1k\u016fm spoustu emoc\u00ed, dramatick\u00fdch moment\u016f a nakonec i t\u011bsn\u00fd v\u00fdsledek. Poj\u010fme se pod\u00edvat na to, co se na led\u011b odehr\u00e1lo!<\/p>\n<h2>Prvn\u00ed t\u0159etina: Kop\u0159ivnice \u00fato\u010d\u00ed, D\u011b\u010d\u00edn br\u00e1n\u00ed<\/h2>\n<p>\u00davodn\u00ed t\u0159etina pat\u0159ila jednozna\u010dn\u011b t\u00fdmu HC Tatra Kop\u0159ivnice. Dom\u00e1c\u00ed hokejist\u00e9 se sna\u017eili prosadit rychl\u00fdm \u00fatokem a kombinac\u00ed, ale brank\u00e1\u0159 D\u011b\u010d\u00edna byl pozorn\u00fd a n\u011bkolik slibn\u00fdch \u0161anc\u00ed zlikvidoval. D\u011b\u010d\u00edn se soust\u0159edil p\u0159edev\u0161\u00edm na obranu a spol\u00e9hal na rychl\u00e9 proti\u00fatoky. I p\u0159es p\u0159evahu Kop\u0159ivnice tak g\u00f3l v prvn\u00ed t\u0159etin\u011b nepadl.<\/p>\n<h2>Druh\u00e1 t\u0159etina: Brankov\u00e1 smr\u0161\u0165!<\/h2>\n<p>Druh\u00e1 t\u0159etina p\u0159inesla div\u00e1k\u016fm hokejov\u00fd n\u00e1boj. Nejprve se prosadil \u00fato\u010dn\u00edk kop\u0159ivnick\u00e9ho t\u00fdmu Jan Nov\u00e1k, kter\u00fd po skv\u011bl\u00e9 individu\u00e1ln\u00ed akci p\u0159ekonal brank\u00e1\u0159e host\u016f. D\u011b\u010d\u00edn v\u0161ak odpov\u011bd\u011bl rychl\u00fdm proti\u00fatokem a sk\u00f3re srovnal. N\u00e1sledn\u011b se dostal do veden\u00ed t\u00fdm z D\u011b\u010d\u00edna d\u00edky p\u0159esn\u00e9 st\u0159ele z d\u00e1lky. Kop\u0159ivnice se nenechala zastra\u0161it a je\u0161t\u011b ve druh\u00e9 t\u0159etin\u011b vyrovnala stav na 2:2. T\u0159etina tak skon\u010dila rem\u00edzou a div\u00e1ci se mohli t\u011b\u0161it na dramatickou z\u00e1v\u011bre\u010dnou \u010d\u00e1st hry.<\/p>\n<h2>T\u0159et\u00ed t\u0159etina: Z\u00e1v\u011bre\u010dn\u00e1 bitva o body<\/h2>\n<p>T\u0159et\u00ed t\u0159etina byla pln\u00e1 emoc\u00ed a nap\u011bt\u00ed. Ob\u011b mu\u017estva se sna\u017eila co nejv\u00edce, aby strhla v\u00edt\u011bzstv\u00ed na svou stranu. Hra byla velmi rychl\u00e1 a fyzick\u00e1, a ani jeden z brank\u00e1\u0159\u016f nem\u011bl lehk\u00fd \u00fakol. P\u011bt minut p\u0159ed koncem se poda\u0159ilo kop\u0159ivnick\u00e9mu t\u00fdmu vst\u0159elit rozhoduj\u00edc\u00ed g\u00f3l a dostat se do veden\u00ed. D\u011b\u010d\u00edn se v z\u00e1v\u011bru sna\u017eil o vyrovn\u00e1n\u00ed, ale obrana HC Tatra Kop\u0159ivnice byla neprostupn\u00e1. Z\u00e1pas tak skon\u010dil v\u00edt\u011bzstv\u00edm HC Tatra Kop\u0159ivnice pom\u011brem 3:2.<\/p>\n<h3>Kl\u00ed\u010dov\u00ed hr\u00e1\u010di z\u00e1pasu<\/h3>\n<p>Mezi kl\u00ed\u010dov\u00e9 hr\u00e1\u010de z\u00e1pasu pat\u0159ili na stran\u011b Kop\u0159ivnice Jan Nov\u00e1k, kter\u00fd vst\u0159elil jeden g\u00f3l a pod\u00edlel se na dal\u0161\u00edm, a brank\u00e1\u0159 Petr Svoboda, kter\u00fd p\u0159edvedl n\u011bkolik skv\u011bl\u00fdch z\u00e1krok\u016f. Za D\u011b\u010d\u00edn se nejv\u00edce prosadil \u00fato\u010dn\u00edk Tom\u00e1\u0161 Vesel\u00fd, kter\u00fd vst\u0159elil oba g\u00f3ly t\u00fdmu.<\/p>\n<h2>Z\u00e1v\u011brem<\/h2>\n<p>Z\u00e1pas mezi HC Tatra Kop\u0159ivnice a D\u011b\u010d\u00ednem byl skv\u011bl\u00fdm hokejov\u00fdm z\u00e1\u017eitkem. Kop\u0159ivni\u010dt\u00ed hokejist\u00e9 p\u0159edvedli bojovn\u00fd v\u00fdkon a zaslou\u017een\u011b vybojovali t\u0159i body. Div\u00e1ci v Kop\u0159ivnici oslavovali v\u00edt\u011bzstv\u00ed sv\u00e9ho t\u00fdmu a mohli se t\u011b\u0161it na dal\u0161\u00ed hokejov\u00e9 utk\u00e1n\u00ed.<\/p>\n","protected":false},"excerpt":{"rendered":"<p>Hokejov\u00fd klub HC Tatra Kop\u0159ivnice se 1. listopadu 2018 utkal v nap\u00ednav\u00e9m utk\u00e1n\u00ed s t\u00fdmem D\u011b\u010d\u00edn. Z\u00e1pas nab\u00eddl div\u00e1k\u016fm spoustu emoc\u00ed, dramatick\u00fdch moment\u016f a nakonec i t\u011bsn\u00fd v\u00fdsledek. Poj\u010fme se pod\u00edvat na to, co se na led\u011b odehr\u00e1lo! Prvn\u00ed t\u0159etina: Kop\u0159ivnice \u00fato\u010d\u00ed, D\u011b\u010d\u00edn br\u00e1n\u00ed \u00davodn\u00ed t\u0159etina pat\u0159ila jednozna\u010dn\u011b t\u00fdmu HC Tatra Kop\u0159ivnice. Dom\u00e1c\u00ed hokejist\u00e9 se &#8230; <a title=\"HC Tatra Kop\u0159ivnice v duelu s D\u011b\u010d\u00ednem: Drama a\u017e do z\u00e1v\u011bre\u010dn\u00e9 sir\u00e9ny!\" class=\"read-more\" href=\"https:\/\/hcismm.cz\/index.php\/2018-44\/11-2\/01-2\/\" aria-label=\"Read more about HC Tatra Kop\u0159ivnice v duelu s D\u011b\u010d\u00ednem: Drama a\u017e do z\u00e1v\u011bre\u010dn\u00e9 sir\u00e9ny!\">Read more<\/a><\/p>\n","protected":false},"author":2,"featured_media":0,"parent":1202,"menu_order":0,"comment_status":"closed","ping_status":"closed","template":"","meta":{"footnotes":""},"class_list":["post-1205","page","type-page","status-publish"],"_links":{"self":[{"href":"https:\/\/hcismm.cz\/index.php\/wp-json\/wp\/v2\/pages\/1205","targetHints":{"allow":["GET"]}}],"collection":[{"href":"https:\/\/hcismm.cz\/index.php\/wp-json\/wp\/v2\/pages"}],"about":[{"href":"https:\/\/hcismm.cz\/index.php\/wp-json\/wp\/v2\/types\/page"}],"author":[{"embeddable":true,"href":"https:\/\/hcismm.cz\/index.php\/wp-json\/wp\/v2\/users\/2"}],"replies":[{"embeddable":true,"href":"https:\/\/hcismm.cz\/index.php\/wp-json\/wp\/v2\/comments?post=1205"}],"version-history":[{"count":0,"href":"https:\/\/hcismm.cz\/index.php\/wp-json\/wp\/v2\/pages\/1205\/revisions"}],"up":[{"embeddable":true,"href":"https:\/\/hcismm.cz\/index.php\/wp-json\/wp\/v2\/pages\/1202"}],"wp:attachment":[{"href":"https:\/\/hcismm.cz\/index.php\/wp-json\/wp\/v2\/media?parent=1205"}],"curies":[{"name":"wp","href":"https:\/\/api.w.org\/{rel}","templated":true}]}}