{"id":1277,"date":"2026-05-16T22:16:41","date_gmt":"2026-05-16T22:16:41","guid":{"rendered":"https:\/\/hcismm.cz\/index.php\/2023-22\/09-2\/26-2\/"},"modified":"2026-05-16T22:16:41","modified_gmt":"2026-05-16T22:16:41","slug":"26-2","status":"publish","type":"page","link":"https:\/\/hcismm.cz\/index.php\/2023-22\/09-2\/26-2\/","title":{"rendered":"Kop\u0159ivnice v euforii! HC Tatra oto\u010dil duel s Lokomotou Trnava!"},"content":{"rendered":"<p>Hokejov\u00ed fanou\u0161ci v Kop\u0159ivnici pro\u017eili ve \u010dtvrtek 26. z\u00e1\u0159\u00ed 2023 ve\u010der strhuj\u00edc\u00ed utk\u00e1n\u00ed. Dom\u00e1c\u00ed HC Tatra Kop\u0159ivnice se utkal s Lokomotou Trnava a po dramatick\u00e9m pr\u016fb\u011bhu zv\u00edt\u011bzili 4:3. Z\u00e1pas nab\u00eddl bohatou hokejovou pod\u00edvanou plnou zvrat\u016f a emoc\u00ed.<\/p>\n<h2>Prvn\u00ed t\u0159etina \u2013 Trnava ude\u0159ila jako prvn\u00ed<\/h2>\n<p>Z\u00e1pas za\u010dal vyda\u0159en\u011b pro hosty z Trnavy. Ji\u017e v t\u0159et\u00ed minut\u011b se prosadil kapit\u00e1n Lokomoty, Jan Kov\u00e1\u0159, a poslal sv\u016fj t\u00fdm do veden\u00ed. Kop\u0159ivni\u010dt\u00ed hokejist\u00e9 se sice sna\u017eili o rychlou odpov\u011b\u010f, ale brank\u00e1\u0159 Trnavy, Michal Novotn\u00fd, byl v t\u00e9 chv\u00edli nepr\u016fst\u0159eln\u00fd. Trnava p\u0159idala v 15. minut\u011b dal\u0161\u00ed g\u00f3l, \u010d\u00edm\u017e upevnila sv\u00e9 veden\u00ed na 2:0. Prvn\u00ed t\u0159etina tak pat\u0159ila jednozna\u010dn\u011b host\u016fm.<\/p>\n<h2>Dramatick\u00e1 druh\u00e1 t\u0159etina \u2013 Kop\u0159ivnice s odpov\u011bd\u00ed<\/h2>\n<p>Druh\u00e1 t\u0159etina p\u0159inesla obrat. HC Tatra Kop\u0159ivnice vstoupil do t\u0159etiny s odhodl\u00e1n\u00edm srovnat krok. V 23. minut\u011b se prosadil \u00fato\u010dn\u00edk Marek Svoboda a sn\u00ed\u017eil na 2:1. O pouh\u00e9 dv\u011b minuty pozd\u011bji vyrovnal stav na 2:2 obr\u00e1nce Petr Nov\u00e1k st\u0159elou od modr\u00e9 \u010d\u00e1ry. Kop\u0159ivni\u010dt\u00ed hokejist\u00e9 byli najednou ve velmi dobr\u00e9m rozpolo\u017een\u00ed a ve 31. minut\u011b se poprv\u00e9 dostali do veden\u00ed, kdy\u017e se trefil talentovan\u00fd mlad\u00edk, David Proch\u00e1zka. Trnava v\u0161ak dok\u00e1zala ve 38. minut\u011b odpov\u011bd\u011bt a vyrovnat na 3:3. Druh\u00e1 t\u0159etina tak skon\u010dila nerozhodn\u011b, ale s nap\u011bt\u00edm, kter\u00e9 se dalo kr\u00e1jet.<\/p>\n<h2>T\u0159et\u00ed t\u0159etina \u2013 Kop\u0159ivnice strhla v\u00edt\u011bzstv\u00ed na svou stranu<\/h2>\n<p>T\u0159et\u00ed t\u0159etina byla pln\u00e1 bojovnosti a emoc\u00ed. Ob\u011b mu\u017estva se sna\u017eila o rozhoduj\u00edc\u00ed g\u00f3l. Kop\u0159ivni\u010dt\u00ed hokejist\u00e9 se nakonec do\u010dkali v 55. minut\u011b, kdy se po kr\u00e1sn\u00e9 kombinaci prosadil \u00fato\u010dn\u00edk Jan \u0160im\u016fnek a zajistil dom\u00e1c\u00edm veden\u00ed 4:3.  Trnava se sice sna\u017eila o z\u00e1v\u011bre\u010dn\u00fd tlak, ale obrana HC Tatra Kop\u0159ivnice byla neprostupn\u00e1. Brank\u00e1\u0159 Kop\u0159ivnice, Tom\u00e1\u0161 Vesel\u00fd, p\u0159edvedl n\u011bkolik skv\u011bl\u00fdch z\u00e1krok\u016f a udr\u017eel \u010dist\u00e9 konto.  <\/p>\n<h2>Kl\u00ed\u010dov\u00e9 momenty z\u00e1pasu<\/h2>\n<ul>\n<li>Rychl\u00fd start Lokomoty Trnava a veden\u00ed 2:0<\/li>\n<li>Obrazn\u00e1 druh\u00e1 t\u0159etina s obratem Kop\u0159ivnice<\/li>\n<li>Rozhoduj\u00edc\u00ed g\u00f3l Jana \u0160im\u016fnka v 55. minut\u011b<\/li>\n<li>V\u00fdborn\u00fd v\u00fdkon brank\u00e1\u0159e Tom\u00e1\u0161e Vesel\u00e9ho<\/li>\n<\/ul>\n<p>Z\u00e1pas HC Tatra Kop\u0159ivnice \u2013 Lokomota Trnava tak skon\u010dil v\u00edt\u011bzstv\u00edm dom\u00e1c\u00edch 4:3. Kop\u0159ivni\u010dt\u00ed hokejist\u00e9 si tak p\u0159ipsali cenn\u00e9 body do tabulky a potvrdili svou dobrou formu. Fanou\u0161ci odm\u011bnili hr\u00e1\u010de bou\u0159liv\u00fdm potleskem a eufori\u00ed. Dal\u0161\u00ed hokejov\u00e1 bitva na led\u011b v Kop\u0159ivnici je ji\u017e za n\u00e1mi a m\u016f\u017eeme se t\u011b\u0161it na dal\u0161\u00ed zaj\u00edmav\u00e9 z\u00e1pasy.<\/p>\n","protected":false},"excerpt":{"rendered":"<p>Hokejov\u00ed fanou\u0161ci v Kop\u0159ivnici pro\u017eili ve \u010dtvrtek 26. z\u00e1\u0159\u00ed 2023 ve\u010der strhuj\u00edc\u00ed utk\u00e1n\u00ed. Dom\u00e1c\u00ed HC Tatra Kop\u0159ivnice se utkal s Lokomotou Trnava a po dramatick\u00e9m pr\u016fb\u011bhu zv\u00edt\u011bzili 4:3. Z\u00e1pas nab\u00eddl bohatou hokejovou pod\u00edvanou plnou zvrat\u016f a emoc\u00ed. Prvn\u00ed t\u0159etina \u2013 Trnava ude\u0159ila jako prvn\u00ed Z\u00e1pas za\u010dal vyda\u0159en\u011b pro hosty z Trnavy. Ji\u017e v t\u0159et\u00ed minut\u011b &#8230; <a title=\"Kop\u0159ivnice v euforii! HC Tatra oto\u010dil duel s Lokomotou Trnava!\" class=\"read-more\" href=\"https:\/\/hcismm.cz\/index.php\/2023-22\/09-2\/26-2\/\" aria-label=\"Read more about Kop\u0159ivnice v euforii! HC Tatra oto\u010dil duel s Lokomotou Trnava!\">Read more<\/a><\/p>\n","protected":false},"author":2,"featured_media":0,"parent":1274,"menu_order":0,"comment_status":"closed","ping_status":"closed","template":"","meta":{"footnotes":""},"class_list":["post-1277","page","type-page","status-publish"],"_links":{"self":[{"href":"https:\/\/hcismm.cz\/index.php\/wp-json\/wp\/v2\/pages\/1277","targetHints":{"allow":["GET"]}}],"collection":[{"href":"https:\/\/hcismm.cz\/index.php\/wp-json\/wp\/v2\/pages"}],"about":[{"href":"https:\/\/hcismm.cz\/index.php\/wp-json\/wp\/v2\/types\/page"}],"author":[{"embeddable":true,"href":"https:\/\/hcismm.cz\/index.php\/wp-json\/wp\/v2\/users\/2"}],"replies":[{"embeddable":true,"href":"https:\/\/hcismm.cz\/index.php\/wp-json\/wp\/v2\/comments?post=1277"}],"version-history":[{"count":0,"href":"https:\/\/hcismm.cz\/index.php\/wp-json\/wp\/v2\/pages\/1277\/revisions"}],"up":[{"embeddable":true,"href":"https:\/\/hcismm.cz\/index.php\/wp-json\/wp\/v2\/pages\/1274"}],"wp:attachment":[{"href":"https:\/\/hcismm.cz\/index.php\/wp-json\/wp\/v2\/media?parent=1277"}],"curies":[{"name":"wp","href":"https:\/\/api.w.org\/{rel}","templated":true}]}}