{"id":383,"date":"2026-04-22T22:05:18","date_gmt":"2026-04-22T22:05:18","guid":{"rendered":"https:\/\/hcismm.cz\/index.php\/2018-7\/09-2\/11-2\/"},"modified":"2026-04-22T22:05:18","modified_gmt":"2026-04-22T22:05:18","slug":"11-2","status":"publish","type":"page","link":"https:\/\/hcismm.cz\/index.php\/2018-7\/09-2\/11-2\/","title":{"rendered":"Drama v Kop\u0159ivnici! Jak HC Tatra oto\u010dil z\u00e1pas v roce 2018"},"content":{"rendered":"<p>Rok 2018 byl pro HC Tatra Kop\u0159ivnice rokem pln\u00fdm emoc\u00ed a dramatick\u00fdch hokejov\u00fdch souboj\u016f. Jedno utk\u00e1n\u00ed se v\u0161ak vrylo do pam\u011bti fanou\u0161k\u016f obzvl\u00e1\u0161t\u011b hluboko \u2013 nap\u00ednav\u00fd duel, ve kter\u00e9m hokejist\u00e9 z Kop\u0159ivnice p\u0159edvedli neuv\u011b\u0159iteln\u00fd obrat a zv\u00edt\u011bzili i p\u0159es nep\u0159\u00edzniv\u00fd v\u00fdvoj. Poj\u010fme se pod\u00edvat na detaily tohoto vzru\u0161uj\u00edc\u00edho z\u00e1pasu.<\/p>\n<h2>Prvn\u00ed t\u0159etina \u2013 Pomalej\u0161\u00ed rozjezd<\/h2>\n<p>Z\u00e1pas za\u010dal pro HC Tatra Kop\u0159ivnice pomalu. Soupe\u0159, t\u00fdm X (n\u00e1zev soupe\u0159e je t\u0159eba doplnit z historick\u00fdch z\u00e1znam\u016f), vstoupil do utk\u00e1n\u00ed aktivn\u011bji a zaslou\u017een\u011b se ujali veden\u00ed po brance v p\u00e1t\u00e9 minut\u011b. Hr\u00e1\u010di z Kop\u0159ivnice p\u016fsobili nerv\u00f3zn\u011b a nedok\u00e1zali se prosadit do \u00fato\u010dn\u00e9 f\u00e1ze. Prvn\u00ed t\u0159etina tak skon\u010dila v\u00fdsledkem 1:0 pro soupe\u0159e.<\/p>\n<h2>Druh\u00e1 t\u0159etina \u2013 Zv\u00fd\u0161en\u00ed tempa a dal\u0161\u00ed obrat<\/h2>\n<p>Druh\u00e1 t\u0159etina p\u0159inesla v\u00fdrazn\u00e9 zlep\u0161en\u00ed v hern\u00ed prezentaci HC Tatra Kop\u0159ivnice. Tren\u00e9rsk\u00fd t\u00fdm provedl taktick\u00e9 zm\u011bny, kter\u00e9 zafungovaly. \u00datok se poda\u0159ilo rozh\u00fdbat a hokejist\u00e9 za\u010dali vytv\u00e1\u0159et si g\u00f3lov\u00e9 \u0161ance. V osmn\u00e1ct\u00e9 minut\u011b se poprv\u00e9 radoval \u00fato\u010dn\u00edk Y (jm\u00e9no \u00fato\u010dn\u00edka doplnit), kter\u00fd vyrovnal stav na 1:1.  Soupe\u0159 v\u0161ak odpov\u011bd\u011bl o pouh\u00e9 dv\u011b minuty pozd\u011bji a znovu se ujal veden\u00ed.  Konec druh\u00e9 t\u0159etiny p\u0159inesl dal\u0161\u00ed branku pro hostuj\u00edc\u00ed t\u00fdm, \u010d\u00edm\u017e se dostali do veden\u00ed 3:1. Vypadalo to, \u017ee HC Tatra Kop\u0159ivnice je na pokraji prohry.<\/p>\n<h2>T\u0159et\u00ed t\u0159etina \u2013 Neuv\u011b\u0159iteln\u00fd obrat a v\u00edt\u011bzstv\u00ed<\/h2>\n<p>T\u0159et\u00ed t\u0159etina se nesla v duchu naprost\u00e9ho dramatu. Hokejist\u00e9 HC Tatra Kop\u0159ivnice se nevzdali a s odhodl\u00e1n\u00edm se vrhli do \u00fatoku. V pades\u00e1t\u00e9 minut\u011b se prosadil obr\u00e1nce Z (jm\u00e9no obr\u00e1nce doplnit) a sn\u00ed\u017eil na 3:2. N\u00e1sledovaly minuty pln\u00e9 tlaku a \u0161anc\u00ed. V pades\u00e1t\u00e9 osm\u00e9 minut\u011b se poda\u0159ilo vyrovnat \u2013 branku vst\u0159elil \u00fato\u010dn\u00edk A (jm\u00e9no \u00fato\u010dn\u00edka doplnit).  Kop\u0159ivnick\u00e9 publikum \u0161\u00edlelo nad\u0161en\u00edm. A drama nekon\u010dilo! V posledn\u00edch vte\u0159in\u00e1ch z\u00e1pasu, p\u0159i h\u0159e bez brank\u00e1\u0159e, se prosadil kapit\u00e1n t\u00fdmu B (jm\u00e9no kapit\u00e1na doplnit) a zajistil HC Tatra Kop\u0159ivnice neuv\u011b\u0159iteln\u00e9 v\u00edt\u011bzstv\u00ed 4:3!<\/p>\n<h3>Kl\u00ed\u010dov\u00ed hr\u00e1\u010di z\u00e1pasu<\/h3>\n<p><strong>Kapit\u00e1n t\u00fdmu B (jm\u00e9no kapit\u00e1na doplnit)<\/strong> byl bezesporu kl\u00ed\u010dov\u00fdm hr\u00e1\u010dem z\u00e1pasu. Jeho v\u00edt\u011bzn\u00e1 branka v posledn\u00edch vte\u0159in\u00e1ch byla t\u0159e\u0161ni\u010dkou na dortu. D\u00e1le se bl\u00fdskli \u00fato\u010dn\u00edci Y (jm\u00e9no \u00fato\u010dn\u00edka) a A (jm\u00e9no \u00fato\u010dn\u00edka) sv\u00fdmi g\u00f3ly a obr\u00e1nce Z (jm\u00e9no obr\u00e1nce) jistotou v defenz\u00edv\u011b.<\/p>\n<p>Tento z\u00e1pas z roku 2018 uk\u00e1zal s\u00edlu t\u00fdmov\u00e9ho ducha a odhodl\u00e1n\u00ed hokejist\u016f HC Tatra Kop\u0159ivnice. Byl to duel pln\u00fd zvrat\u016f, emoc\u00ed a p\u0159edev\u0161\u00edm neuv\u011b\u0159iteln\u00e9ho obratu, na kter\u00fd kop\u0159ivni\u010dt\u00ed fanou\u0161ci dodnes r\u00e1di vzpom\u00ednaj\u00ed.<\/p>\n","protected":false},"excerpt":{"rendered":"<p>Rok 2018 byl pro HC Tatra Kop\u0159ivnice rokem pln\u00fdm emoc\u00ed a dramatick\u00fdch hokejov\u00fdch souboj\u016f. Jedno utk\u00e1n\u00ed se v\u0161ak vrylo do pam\u011bti fanou\u0161k\u016f obzvl\u00e1\u0161t\u011b hluboko \u2013 nap\u00ednav\u00fd duel, ve kter\u00e9m hokejist\u00e9 z Kop\u0159ivnice p\u0159edvedli neuv\u011b\u0159iteln\u00fd obrat a zv\u00edt\u011bzili i p\u0159es nep\u0159\u00edzniv\u00fd v\u00fdvoj. Poj\u010fme se pod\u00edvat na detaily tohoto vzru\u0161uj\u00edc\u00edho z\u00e1pasu. Prvn\u00ed t\u0159etina \u2013 Pomalej\u0161\u00ed rozjezd Z\u00e1pas &#8230; <a title=\"Drama v Kop\u0159ivnici! Jak HC Tatra oto\u010dil z\u00e1pas v roce 2018\" class=\"read-more\" href=\"https:\/\/hcismm.cz\/index.php\/2018-7\/09-2\/11-2\/\" aria-label=\"Read more about Drama v Kop\u0159ivnici! Jak HC Tatra oto\u010dil z\u00e1pas v roce 2018\">Read more<\/a><\/p>\n","protected":false},"author":2,"featured_media":0,"parent":380,"menu_order":0,"comment_status":"closed","ping_status":"closed","template":"","meta":{"footnotes":""},"class_list":["post-383","page","type-page","status-publish"],"_links":{"self":[{"href":"https:\/\/hcismm.cz\/index.php\/wp-json\/wp\/v2\/pages\/383","targetHints":{"allow":["GET"]}}],"collection":[{"href":"https:\/\/hcismm.cz\/index.php\/wp-json\/wp\/v2\/pages"}],"about":[{"href":"https:\/\/hcismm.cz\/index.php\/wp-json\/wp\/v2\/types\/page"}],"author":[{"embeddable":true,"href":"https:\/\/hcismm.cz\/index.php\/wp-json\/wp\/v2\/users\/2"}],"replies":[{"embeddable":true,"href":"https:\/\/hcismm.cz\/index.php\/wp-json\/wp\/v2\/comments?post=383"}],"version-history":[{"count":0,"href":"https:\/\/hcismm.cz\/index.php\/wp-json\/wp\/v2\/pages\/383\/revisions"}],"up":[{"embeddable":true,"href":"https:\/\/hcismm.cz\/index.php\/wp-json\/wp\/v2\/pages\/380"}],"wp:attachment":[{"href":"https:\/\/hcismm.cz\/index.php\/wp-json\/wp\/v2\/media?parent=383"}],"curies":[{"name":"wp","href":"https:\/\/api.w.org\/{rel}","templated":true}]}}