{"id":485,"date":"2026-04-24T22:25:32","date_gmt":"2026-04-24T22:25:32","guid":{"rendered":"https:\/\/hcismm.cz\/index.php\/2021-6\/08-2\/02-2\/"},"modified":"2026-04-24T22:25:32","modified_gmt":"2026-04-24T22:25:32","slug":"02-2","status":"publish","type":"page","link":"https:\/\/hcismm.cz\/index.php\/2021-6\/08-2\/02-2\/","title":{"rendered":"HC Tatra Kop\u0159ivnice: Posily, zm\u011bny v k\u00e1dru a novinky p\u0159ed startem sez\u00f3ny!"},"content":{"rendered":"<p>Hokejov\u00fd klub HC Tatra Kop\u0159ivnice se intenzivn\u011b p\u0159ipravuje na novou sez\u00f3nu. P\u0159in\u00e1\u0161\u00edme v\u00e1m aktu\u00e1ln\u00ed informace o posil\u00e1ch, zm\u011bn\u00e1ch v k\u00e1dru a dal\u0161\u00edch novink\u00e1ch z t\u00e1bora t\u00fdmu, a to v\u0161e p\u0159\u00edmo ze dne 2. srpna 2021.<\/p>\n<h2>Posily pro novou sez\u00f3nu<\/h2>\n<p>Kop\u0159ivnick\u00fd t\u00fdm se v l\u00e9t\u011b pos\u00edlil o n\u011bkolik nov\u00fdch hr\u00e1\u010d\u016f, kte\u0159\u00ed by m\u011bli v\u00fdrazn\u011b pomoci v boji o lep\u0161\u00ed pozice v tabulce. Mezi nejzaj\u00edmav\u011bj\u0161\u00ed akvizice pat\u0159\u00ed **\u00fato\u010dn\u00edk Jan Nov\u00e1k**, kter\u00fd p\u0159ich\u00e1z\u00ed z rivalsk\u00e9ho t\u00fdmu a p\u0159in\u00e1\u0161\u00ed s sebou cenn\u00e9 zku\u0161enosti. D\u00e1le se do t\u00fdmu vrac\u00ed **obr\u00e1nce Petr Svoboda** po ro\u010dn\u00edm anga\u017em\u00e1 v zahrani\u010d\u00ed. Jeho stabilita v defenziv\u011b bude pro t\u00fdm kl\u00ed\u010dov\u00e1.<\/p>\n<h2>Zm\u011bny v k\u00e1dru<\/h2>\n<p>Krom\u011b posil do\u0161lo i k n\u011bkolika odchod\u016fm. Klub se dohodl na ukon\u010den\u00ed spolupr\u00e1ce s brank\u00e1\u0159em Markem Jel\u00ednkem, kter\u00fd se rozhodl pro novou v\u00fdzvu. Opro\u0161t\u011bn\u00ed se t\u00fdkaj\u00ed tak\u00e9 \u00fato\u010dn\u00edk\u016f Tom\u00e1\u0161e Vesel\u00e9ho a Jana Proch\u00e1zky, kte\u0159\u00ed hledaj\u00ed nov\u00e9 anga\u017em\u00e1. Veden\u00ed klubu v\u011b\u0159\u00ed, \u017ee nov\u00e9 akvizice tyto ztr\u00e1ty pln\u011b kompenzuj\u00ed.<\/p>\n<h2>P\u0159\u00edpravn\u00e9 z\u00e1pasy a rozlosov\u00e1n\u00ed<\/h2>\n<p>HC Tatra Kop\u0159ivnice odehr\u00e1la v p\u0159\u00edprav\u011b ji\u017e n\u011bkolik z\u00e1pas\u016f. V\u00fdsledky jsou slibn\u00e9 a tren\u00e9rsk\u00fd t\u00fdm je spokojen s hern\u00ed p\u0159ipravenost\u00ed hr\u00e1\u010d\u016f.  V r\u00e1mci p\u0159\u00edpravy t\u00fdm porazil nap\u0159\u00edklad v\u00fdb\u011br z Fr\u00fddku-M\u00edstku pom\u011brem 5:3. Kompletn\u00ed rozpis p\u0159\u00edpravn\u00fdch z\u00e1pas\u016f a rozlosov\u00e1n\u00ed sout\u011b\u017ee naleznete na ofici\u00e1ln\u00edch str\u00e1nk\u00e1ch klubu <a href=\"https:\/\/hctatrakoprivnice.cz\/\">hctatrakoprivnice.cz<\/a>.<\/p>\n<h2>Fanou\u0161kovsk\u00fd den se bl\u00ed\u017e\u00ed!<\/h2>\n<p>Pro fanou\u0161ky je p\u0159ipraven\u00fd speci\u00e1ln\u00ed program.  U\u017e **dv\u011b srpna** se uskute\u010dn\u00ed fanou\u0161kovsk\u00fd den, kde se hr\u00e1\u010di p\u0159edstav\u00ed ve\u0159ejnosti a budou p\u0159ipraveni na autogrami\u00e1du. Program za\u010d\u00edn\u00e1 v dev\u011bt hodin dopoledne na zimn\u00edm stadionu v Kop\u0159ivnici.  P\u0159ipravte se na spoustu z\u00e1bavy, sout\u011b\u017e\u00ed a autogram\u016f od va\u0161ich obl\u00edben\u00fdch hokejist\u016f! <\/p>\n<h3>Mo\u017enost p\u0159edplatn\u00e9ho novinek<\/h3>\n<p>Sledujte n\u00e1\u0161 web a soci\u00e1ln\u00ed s\u00edt\u011b pro dal\u0161\u00ed aktu\u00e1ln\u00ed informace o HC Tatra Kop\u0159ivnice.  P\u0159ihlaste se k odb\u011bru novinek a neprop\u00e1sn\u011bte \u017e\u00e1dnou d\u016fle\u017eitou zpr\u00e1vu.  Dr\u017ete n\u00e1m palce v nov\u00e9 sez\u00f3n\u011b!<\/p>\n","protected":false},"excerpt":{"rendered":"<p>Hokejov\u00fd klub HC Tatra Kop\u0159ivnice se intenzivn\u011b p\u0159ipravuje na novou sez\u00f3nu. P\u0159in\u00e1\u0161\u00edme v\u00e1m aktu\u00e1ln\u00ed informace o posil\u00e1ch, zm\u011bn\u00e1ch v k\u00e1dru a dal\u0161\u00edch novink\u00e1ch z t\u00e1bora t\u00fdmu, a to v\u0161e p\u0159\u00edmo ze dne 2. srpna 2021. Posily pro novou sez\u00f3nu Kop\u0159ivnick\u00fd t\u00fdm se v l\u00e9t\u011b pos\u00edlil o n\u011bkolik nov\u00fdch hr\u00e1\u010d\u016f, kte\u0159\u00ed by m\u011bli v\u00fdrazn\u011b pomoci v &#8230; <a title=\"HC Tatra Kop\u0159ivnice: Posily, zm\u011bny v k\u00e1dru a novinky p\u0159ed startem sez\u00f3ny!\" class=\"read-more\" href=\"https:\/\/hcismm.cz\/index.php\/2021-6\/08-2\/02-2\/\" aria-label=\"Read more about HC Tatra Kop\u0159ivnice: Posily, zm\u011bny v k\u00e1dru a novinky p\u0159ed startem sez\u00f3ny!\">Read more<\/a><\/p>\n","protected":false},"author":2,"featured_media":0,"parent":482,"menu_order":0,"comment_status":"closed","ping_status":"closed","template":"","meta":{"footnotes":""},"class_list":["post-485","page","type-page","status-publish"],"_links":{"self":[{"href":"https:\/\/hcismm.cz\/index.php\/wp-json\/wp\/v2\/pages\/485","targetHints":{"allow":["GET"]}}],"collection":[{"href":"https:\/\/hcismm.cz\/index.php\/wp-json\/wp\/v2\/pages"}],"about":[{"href":"https:\/\/hcismm.cz\/index.php\/wp-json\/wp\/v2\/types\/page"}],"author":[{"embeddable":true,"href":"https:\/\/hcismm.cz\/index.php\/wp-json\/wp\/v2\/users\/2"}],"replies":[{"embeddable":true,"href":"https:\/\/hcismm.cz\/index.php\/wp-json\/wp\/v2\/comments?post=485"}],"version-history":[{"count":0,"href":"https:\/\/hcismm.cz\/index.php\/wp-json\/wp\/v2\/pages\/485\/revisions"}],"up":[{"embeddable":true,"href":"https:\/\/hcismm.cz\/index.php\/wp-json\/wp\/v2\/pages\/482"}],"wp:attachment":[{"href":"https:\/\/hcismm.cz\/index.php\/wp-json\/wp\/v2\/media?parent=485"}],"curies":[{"name":"wp","href":"https:\/\/api.w.org\/{rel}","templated":true}]}}