{"id":593,"date":"2026-04-27T22:05:35","date_gmt":"2026-04-27T22:05:35","guid":{"rendered":"https:\/\/hcismm.cz\/index.php\/2018-17\/09-2\/25-2\/"},"modified":"2026-04-27T22:05:35","modified_gmt":"2026-04-27T22:05:35","slug":"25-2","status":"publish","type":"page","link":"https:\/\/hcismm.cz\/index.php\/2018-17\/09-2\/25-2\/","title":{"rendered":"HC Tatra Kop\u0159ivnice v boji: Jak dopadl z\u00e1pas proti\u2026 (25. z\u00e1\u0159\u00ed 2018)"},"content":{"rendered":"<p>Fanou\u0161ci hokeje, p\u0159ipome\u0148me si spole\u010dn\u011b dramatick\u00fd z\u00e1pas HC Tatra Kop\u0159ivnice, kter\u00fd se odehr\u00e1l 25. z\u00e1\u0159\u00ed 2018! Vzpom\u00edn\u00e1te na atmosf\u00e9ru, g\u00f3ly a bojovnost na\u0161ich hr\u00e1\u010d\u016f? Poj\u010fme se pod\u00edvat na podrobnosti tohoto utk\u00e1n\u00ed a p\u0159ipomenout si jeho kl\u00ed\u010dov\u00e9 momenty.<\/p>\n<h2>Pr\u016fb\u011bh Z\u00e1pasu: Kop\u0159ivnice pod palbou<\/h2>\n<p>Z\u00e1pas se hr\u00e1l na dom\u00e1c\u00edm led\u011b a od za\u010d\u00e1tku bylo jasn\u00e9, \u017ee nebude snadn\u00fd. Soupe\u0159 se prezentoval rychlou a agresivn\u00ed hrou. Prvn\u00ed t\u0159etina p\u0159inesla vyrovnanou partii, ale bohu\u017eel se hostuj\u00edc\u00edmu t\u00fdmu poda\u0159ilo vst\u0159elit \u00favodn\u00ed branku.  <strong style=\"font-weight: bold;\">Kop\u0159ivni\u010dt\u00ed hokejist\u00e9 se s t\u00edm ale nesm\u00ed\u0159ili a sna\u017eili se odpov\u011bd\u011bt.<\/strong><\/p>\n<h2>Kl\u00ed\u010dov\u00e9 Momenty a G\u00f3ly<\/h2>\n<p>Druh\u00e1 t\u0159etina byla pln\u00e1 vzru\u0161en\u00ed. Hr\u00e1\u010di HC Tatra Kop\u0159ivnice se srovnali a dok\u00e1zali vyrovnat stav z\u00e1pasu d\u00edky p\u0159esn\u00e9 st\u0159ele [jm\u00e9no hr\u00e1\u010de].  <strong style=\"font-weight: bold;\">Tato branka nastartovala dom\u00e1c\u00ed t\u00fdm a publikum se do\u017eadovalo dal\u0161\u00edho g\u00f3lu.<\/strong> Bohu\u017eel, soupe\u0159 odpov\u011bd\u011bl rychl\u00fdm proti\u00fatokem a op\u011bt se dostal do veden\u00ed.<\/p>\n<h3>T\u0159et\u00ed T\u0159etina \u2013 Z\u00e1v\u011bre\u010dn\u00fd Z\u00e1pas<\/h3>\n<p>Posledn\u00ed t\u0159etina byla nap\u00ednav\u00e1 a\u017e do sam\u00e9ho konce.  Hr\u00e1\u010di HC Tatra Kop\u0159ivnice se sna\u017eili o vyrovn\u00e1n\u00ed, ale soupe\u0159 br\u00e1nil s velk\u00fdm nasazen\u00edm.  <strong style=\"font-weight: bold;\">Kop\u0159ivni\u010dt\u00ed hokejist\u00e9 si vytvo\u0159ili n\u011bkolik slibn\u00fdch \u0161anc\u00ed, ale brank\u00e1\u0159 soupe\u0159e p\u0159edvedl skv\u011bl\u00e9 v\u00fdkony.<\/strong> Z\u00e1pas nakonec skon\u010dil v\u00fdsledkem [v\u00fdsledek z\u00e1pasu] ve prosp\u011bch [soupe\u0159\u00edc\u00ed t\u00fdm].<\/p>\n<h2>Individu\u00e1ln\u00ed V\u00fdkony Hr\u00e1\u010d\u016f<\/h2>\n<p>I p\u0159es prohru se v t\u00fdmu HC Tatra Kop\u0159ivnice da\u0159ilo n\u011bkolika hr\u00e1\u010d\u016fm.  [Jm\u00e9no hr\u00e1\u010de] p\u0159edvedl v\u00fdborn\u00fd v\u00fdkon v brance a chytil \u0159adu nebezpe\u010dn\u00fdch st\u0159el.  Ofenziva pak t\u00e1hla [Jm\u00e9no hr\u00e1\u010de], kter\u00fd se pod\u00edlel na v\u011bt\u0161in\u011b \u00fato\u010dn\u00fdch akc\u00ed t\u00fdmu.  <strong style=\"font-weight: bold;\">I kdy\u017e se nepoda\u0159ilo vyhr\u00e1t, hra t\u00fdmu byla bojovn\u00e1 a uk\u00e1zala jeho potenci\u00e1l.<\/strong><\/p>\n<h2>Z\u00e1v\u011brem<\/h2>\n<p>Z\u00e1pas z 25. z\u00e1\u0159\u00ed 2018 byl pro HC Tatra Kop\u0159ivnice n\u00e1ro\u010dn\u00fdm, ale cenn\u00fdm testem.  I kdy\u017e se nepoda\u0159ilo dos\u00e1hnout v\u00edt\u011bzstv\u00ed, hr\u00e1\u010di p\u0159edvedli bojovnost a odhodl\u00e1n\u00ed.  <strong style=\"font-weight: bold;\">V\u011b\u0159\u00edme, \u017ee se z t\u00e9to prohry pou\u010dili a budou se sna\u017eit v dal\u0161\u00edch z\u00e1pasech p\u0159edv\u00e9st je\u0161t\u011b lep\u0161\u00ed hru.<\/strong> Podpo\u0159te HC Tatra Kop\u0159ivnice i v budoucnu a bu\u010fte s n\u00e1mi na tribun\u00e1ch!<\/p>\n","protected":false},"excerpt":{"rendered":"<p>Fanou\u0161ci hokeje, p\u0159ipome\u0148me si spole\u010dn\u011b dramatick\u00fd z\u00e1pas HC Tatra Kop\u0159ivnice, kter\u00fd se odehr\u00e1l 25. z\u00e1\u0159\u00ed 2018! Vzpom\u00edn\u00e1te na atmosf\u00e9ru, g\u00f3ly a bojovnost na\u0161ich hr\u00e1\u010d\u016f? Poj\u010fme se pod\u00edvat na podrobnosti tohoto utk\u00e1n\u00ed a p\u0159ipomenout si jeho kl\u00ed\u010dov\u00e9 momenty. Pr\u016fb\u011bh Z\u00e1pasu: Kop\u0159ivnice pod palbou Z\u00e1pas se hr\u00e1l na dom\u00e1c\u00edm led\u011b a od za\u010d\u00e1tku bylo jasn\u00e9, \u017ee nebude &#8230; <a title=\"HC Tatra Kop\u0159ivnice v boji: Jak dopadl z\u00e1pas proti\u2026 (25. z\u00e1\u0159\u00ed 2018)\" class=\"read-more\" href=\"https:\/\/hcismm.cz\/index.php\/2018-17\/09-2\/25-2\/\" aria-label=\"Read more about HC Tatra Kop\u0159ivnice v boji: Jak dopadl z\u00e1pas proti\u2026 (25. z\u00e1\u0159\u00ed 2018)\">Read more<\/a><\/p>\n","protected":false},"author":2,"featured_media":0,"parent":590,"menu_order":0,"comment_status":"closed","ping_status":"closed","template":"","meta":{"footnotes":""},"class_list":["post-593","page","type-page","status-publish"],"_links":{"self":[{"href":"https:\/\/hcismm.cz\/index.php\/wp-json\/wp\/v2\/pages\/593","targetHints":{"allow":["GET"]}}],"collection":[{"href":"https:\/\/hcismm.cz\/index.php\/wp-json\/wp\/v2\/pages"}],"about":[{"href":"https:\/\/hcismm.cz\/index.php\/wp-json\/wp\/v2\/types\/page"}],"author":[{"embeddable":true,"href":"https:\/\/hcismm.cz\/index.php\/wp-json\/wp\/v2\/users\/2"}],"replies":[{"embeddable":true,"href":"https:\/\/hcismm.cz\/index.php\/wp-json\/wp\/v2\/comments?post=593"}],"version-history":[{"count":0,"href":"https:\/\/hcismm.cz\/index.php\/wp-json\/wp\/v2\/pages\/593\/revisions"}],"up":[{"embeddable":true,"href":"https:\/\/hcismm.cz\/index.php\/wp-json\/wp\/v2\/pages\/590"}],"wp:attachment":[{"href":"https:\/\/hcismm.cz\/index.php\/wp-json\/wp\/v2\/media?parent=593"}],"curies":[{"name":"wp","href":"https:\/\/api.w.org\/{rel}","templated":true}]}}