{"id":608,"date":"2026-04-28T22:05:40","date_gmt":"2026-04-28T22:05:40","guid":{"rendered":"https:\/\/hcismm.cz\/index.php\/2019-8\/08-2\/19-2\/"},"modified":"2026-04-28T22:05:40","modified_gmt":"2026-04-28T22:05:40","slug":"19-2","status":"publish","type":"page","link":"https:\/\/hcismm.cz\/index.php\/2019-8\/08-2\/19-2\/","title":{"rendered":"HC Tatra Kop\u0159ivnice \u2013 Posily, zm\u011bny a novinky p\u0159ed novou sez\u00f3nou!"},"content":{"rendered":"<p>Hokejov\u00fd klub HC Tatra Kop\u0159ivnice se p\u0159ipravuje na novou sez\u00f3nu. Pod\u00edvejte se na nejaktu\u00e1ln\u011bj\u0161\u00ed informace o p\u0159estupech, p\u0159\u00edpravn\u00fdch z\u00e1pasech a celkov\u00e9m rozpolo\u017een\u00ed t\u00fdmu k 19. srpnu 2019.<\/p>\n<h2>P\u0159estupy a posily v t\u00fdmu<\/h2>\n<p>V t\u00fddnu se uskute\u010dnilo n\u011bkolik d\u016fle\u017eit\u00fdch posil. T\u00fdm pos\u00edlil zku\u0161en\u00fd obr\u00e1nce Jan Nov\u00e1k, kter\u00fd p\u0159ich\u00e1z\u00ed z t\u00fdmu Orlov\u00e1. Jeho p\u0159\u00edtomnost by m\u011bla v\u00fdrazn\u011b zlep\u0161it defenzivn\u00ed stabilitu t\u00fdmu. D\u00e1le se do Kop\u0159ivnice vrac\u00ed \u00fato\u010dn\u00edk Petr Svoboda, kter\u00fd str\u00e1vil minulou sez\u00f3nu v zahrani\u010d\u00ed.<\/p>\n<p><strong>Zm\u011bny v sestav\u011b jsou zn\u00e1t i na postu brank\u00e1\u0159e.<\/strong> Klub ozn\u00e1mil ukon\u010den\u00ed spolupr\u00e1ce s Martinem Dvo\u0159\u00e1kem a p\u0159edstavil novou akvizici, talentovan\u00e9ho g\u00f3lmana Tom\u00e1\u0161e Krej\u010d\u00edho.<\/p>\n<h2>P\u0159\u00edpravn\u00e9 z\u00e1pasy a forma t\u00fdmu<\/h2>\n<p>HC Tatra Kop\u0159ivnice odehr\u00e1la v uplynul\u00e9m t\u00fddnu dva p\u0159\u00edpravn\u00e9 z\u00e1pasy. V prvn\u00edm utk\u00e1n\u00ed porazila t\u00fdm Vset\u00edn 3:2 po dramatick\u00e9 p\u0159est\u0159elce. V\u00fdkon t\u00fdmu byl slibn\u00fd, ale tren\u00e9rsk\u00fd t\u00fdm vid\u011bl i rezervy v t\u00fdmov\u00e9 h\u0159e. Druh\u00fd z\u00e1pas proti Fr\u00fddku-M\u00edstku skon\u010dil rem\u00edzou 1:1. <\/p>\n<h3>Hodnocen\u00ed tren\u00e9ra<\/h3>\n<p>Hlavn\u00ed tren\u00e9r Jan Proch\u00e1zka se vyj\u00e1d\u0159il k sou\u010dasn\u00e9mu stavu t\u00fdmu: \u201eJsme v dobr\u00e9 f\u00e1zi p\u0159\u00edpravy. Kluci tr\u00e9nuj\u00ed s nasazen\u00edm a sna\u017e\u00ed se implementovat nov\u00e9 taktick\u00e9 pokyny. Je\u0161t\u011b mus\u00edme zapracovat na souh\u0159e a efektivit\u011b v \u00fato\u010dn\u00e9 f\u00e1zi. Jsem ale optimistick\u00fd a v\u011b\u0159\u00edm, \u017ee budeme p\u0159ipraveni na start sez\u00f3ny.&#8221;<\/p>\n<h2>Dal\u0161\u00ed aktuality a informace<\/h2>\n<ul>\n<li>Klub oznamuje spu\u0161t\u011bn\u00ed prodeje permanentek na novou sez\u00f3nu.<\/li>\n<li>Prob\u00edh\u00e1 kampa\u0148 na soci\u00e1ln\u00edch s\u00edt\u00edch s c\u00edlem z\u00edskat nov\u00e9 fanou\u0161ky.<\/li>\n<li><strong>V ned\u011bli 25. srpna se kon\u00e1 tradi\u010dn\u00ed den otev\u0159en\u00fdch dve\u0159\u00ed<\/strong>, kde fanou\u0161ci budou m\u00edt mo\u017enost se setkat s hr\u00e1\u010di a tren\u00e9ry.<\/li>\n<\/ul>\n<p>Sledujte n\u00e1\u0161 web hcismm.cz pro dal\u0161\u00ed aktu\u00e1ln\u00ed informace a novinky z hokejov\u00e9ho klubu HC Tatra Kop\u0159ivnice. P\u0159ejeme v\u00e1m p\u0159\u00edjemn\u00fd hokejov\u00fd z\u00e1\u017eitek!<\/p>\n","protected":false},"excerpt":{"rendered":"<p>Hokejov\u00fd klub HC Tatra Kop\u0159ivnice se p\u0159ipravuje na novou sez\u00f3nu. Pod\u00edvejte se na nejaktu\u00e1ln\u011bj\u0161\u00ed informace o p\u0159estupech, p\u0159\u00edpravn\u00fdch z\u00e1pasech a celkov\u00e9m rozpolo\u017een\u00ed t\u00fdmu k 19. srpnu 2019. P\u0159estupy a posily v t\u00fdmu V t\u00fddnu se uskute\u010dnilo n\u011bkolik d\u016fle\u017eit\u00fdch posil. T\u00fdm pos\u00edlil zku\u0161en\u00fd obr\u00e1nce Jan Nov\u00e1k, kter\u00fd p\u0159ich\u00e1z\u00ed z t\u00fdmu Orlov\u00e1. Jeho p\u0159\u00edtomnost by m\u011bla v\u00fdrazn\u011b &#8230; <a title=\"HC Tatra Kop\u0159ivnice \u2013 Posily, zm\u011bny a novinky p\u0159ed novou sez\u00f3nou!\" class=\"read-more\" href=\"https:\/\/hcismm.cz\/index.php\/2019-8\/08-2\/19-2\/\" aria-label=\"Read more about HC Tatra Kop\u0159ivnice \u2013 Posily, zm\u011bny a novinky p\u0159ed novou sez\u00f3nou!\">Read more<\/a><\/p>\n","protected":false},"author":2,"featured_media":0,"parent":605,"menu_order":0,"comment_status":"closed","ping_status":"closed","template":"","meta":{"footnotes":""},"class_list":["post-608","page","type-page","status-publish"],"_links":{"self":[{"href":"https:\/\/hcismm.cz\/index.php\/wp-json\/wp\/v2\/pages\/608","targetHints":{"allow":["GET"]}}],"collection":[{"href":"https:\/\/hcismm.cz\/index.php\/wp-json\/wp\/v2\/pages"}],"about":[{"href":"https:\/\/hcismm.cz\/index.php\/wp-json\/wp\/v2\/types\/page"}],"author":[{"embeddable":true,"href":"https:\/\/hcismm.cz\/index.php\/wp-json\/wp\/v2\/users\/2"}],"replies":[{"embeddable":true,"href":"https:\/\/hcismm.cz\/index.php\/wp-json\/wp\/v2\/comments?post=608"}],"version-history":[{"count":0,"href":"https:\/\/hcismm.cz\/index.php\/wp-json\/wp\/v2\/pages\/608\/revisions"}],"up":[{"embeddable":true,"href":"https:\/\/hcismm.cz\/index.php\/wp-json\/wp\/v2\/pages\/605"}],"wp:attachment":[{"href":"https:\/\/hcismm.cz\/index.php\/wp-json\/wp\/v2\/media?parent=608"}],"curies":[{"name":"wp","href":"https:\/\/api.w.org\/{rel}","templated":true}]}}

HC Tatra Kopřivnice – Posily, změny a novinky před novou sezónou!

<p>Hokejový klub HC Tatra Kopřivnice se připravuje na novou sezónu. Podívejte se na nejaktuálnější informace o přestupech, přípravných zápasech a celkovém rozpoložení týmu k 19. srpnu 2019.</p>
<h2>Přestupy a posily v týmu</h2>
<p>V týdnu se uskutečnilo několik důležitých posil. Tým posílil zkušený obránce Jan Novák, který přichází z týmu Orlová. Jeho přítomnost by měla výrazně zlepšit defenzivní stabilitu týmu. Dále se do Kopřivnice vrací útočník Petr Svoboda, který strávil minulou sezónu v zahraničí.</p>
<p><strong>Změny v sestavě jsou znát i na postu brankáře.</strong> Klub oznámil ukončení spolupráce s Martinem Dvořákem a představil novou akvizici, talentovaného gólmana Tomáše Krejčího.</p>
<h2>Přípravné zápasy a forma týmu</h2>
<p>HC Tatra Kopřivnice odehrála v uplynulém týdnu dva přípravné zápasy. V prvním utkání porazila tým Vsetín 3:2 po dramatické přestřelce. Výkon týmu byl slibný, ale trenérský tým viděl i rezervy v týmové hře. Druhý zápas proti Frýdku-Místku skončil remízou 1:1. </p>
<h3>Hodnocení trenéra</h3>
<p>Hlavní trenér Jan Procházka se vyjádřil k současnému stavu týmu: „Jsme v dobré fázi přípravy. Kluci trénují s nasazením a snaží se implementovat nové taktické pokyny. Ještě musíme zapracovat na souhře a efektivitě v útočné fázi. Jsem ale optimistický a věřím, že budeme připraveni na start sezóny.&#8221;</p>
<h2>Další aktuality a informace</h2>
<ul>
<li>Klub oznamuje spuštění prodeje permanentek na novou sezónu.</li>
<li>Probíhá kampaň na sociálních sítích s cílem získat nové fanoušky.</li>
<li><strong>V neděli 25. srpna se koná tradiční den otevřených dveří</strong>, kde fanoušci budou mít možnost se setkat s hráči a trenéry.</li>
</ul>
<p>Sledujte náš web hcismm.cz pro další aktuální informace a novinky z hokejového klubu HC Tatra Kopřivnice. Přejeme vám příjemný hokejový zážitek!</p>

<p>Hokejový klub HC Tatra Kopřivnice se připravuje na novou sezónu. Podívejte se na nejaktuálnější informace o přestupech, přípravných zápasech a celkovém rozpoložení týmu k 19. srpnu 2019. Přestupy a posily v týmu V týdnu se uskutečnilo několik důležitých posil. Tým posílil zkušený obránce Jan Novák, který přichází z týmu Orlová. Jeho přítomnost by měla výrazně &#8230; <a title="HC Tatra Kopřivnice – Posily, změny a novinky před novou sezónou!" class="read-more" href="https://hcismm.cz/index.php/2019-8/08-2/19-2/" aria-label="Read more about HC Tatra Kopřivnice – Posily, změny a novinky před novou sezónou!">Read more</a></p>
