{"id":668,"date":"2026-04-30T22:10:47","date_gmt":"2026-04-30T22:10:47","guid":{"rendered":"https:\/\/hcismm.cz\/index.php\/2023-13\/10-2\/25-2\/10-kolo-hc-ismm-koprivnice-draci-pars-sumperk-43p-13-20-00-10\/"},"modified":"2026-04-30T22:10:47","modified_gmt":"2026-04-30T22:10:47","slug":"10-kolo-hc-ismm-koprivnice-draci-pars-sumperk-43p-13-20-00-10","status":"publish","type":"page","link":"https:\/\/hcismm.cz\/index.php\/2023-13\/10-2\/25-2\/10-kolo-hc-ismm-koprivnice-draci-pars-sumperk-43p-13-20-00-10\/","title":{"rendered":"Draci padli v Kop\u0159ivnici! Jak se HC ISMM prosadil v 10. kole?"},"content":{"rendered":"<p>Hokejov\u00fd klub HC ISMM Kop\u0159ivnice se v des\u00e1t\u00e9m kole sout\u011b\u017ee utkal s ambici\u00f3zn\u00edmi Dracy z \u0160umperka. Z\u00e1pas nab\u00eddl div\u00e1k\u016fm strhuj\u00edc\u00ed pod\u00edvanou plnou emoc\u00ed, rychl\u00fdch proti\u00fatok\u016f a nakonec i zaslou\u017eenou v\u00fdhru pro dom\u00e1c\u00ed t\u00fdm. P\u0159e\u010dt\u011bte si podrobn\u00fd report a zjist\u011bte, jak se kop\u0159ivnick\u00fdm hokejist\u016fm da\u0159ilo!<\/p>\n<h2>Prvn\u00ed t\u0159etina: Hra se rozj\u00ed\u017ed\u00ed<\/h2>\n<p>\u00davodn\u00ed t\u0159etina byla opatrn\u00e1 z obou stran. Ob\u011b mu\u017estva se sna\u017eila prozkoumat soupe\u0159ovu obranu a naj\u00edt skulinku. Draci z \u0160umperka se pokou\u0161eli o rychl\u00fd presing, ale kop\u0159ivnick\u00e1 obrana byla pevn\u00e1. Prvn\u00ed branku vst\u0159elil v \u010dase 8:15 \u00fato\u010dn\u00edk HC ISMM Kop\u0159ivnice, Jan Nov\u00e1k, po skv\u011bl\u00e9 individu\u00e1ln\u00ed akci. <strong style=\"font-weight: bold;\">T\u00edmto g\u00f3lem se nastartovalo dom\u00e1c\u00ed publikum a hr\u00e1\u010di z\u00edskali cenn\u00e9 sebev\u011bdom\u00ed.<\/strong><\/p>\n<h2>Druh\u00e1 t\u0159etina: Draci \u00fato\u010d\u00ed, Kop\u0159ivnice br\u00e1n\u00ed<\/h2>\n<p>Druh\u00e1 t\u0159etina se nesla v duchu tlaku Drac\u016f. \u0160umper\u010dt\u00ed hokejist\u00e9 se sna\u017eili vyrovnat, ale brank\u00e1\u0159 HC ISMM Kop\u0159ivnice, Petr Svoboda, p\u0159edv\u00e1d\u011bl skv\u011bl\u00e9 z\u00e1kroky a udr\u017eel sv\u016fj t\u00fdm ve veden\u00ed. V 25. minut\u011b se sice Drac\u016fm poda\u0159ilo sn\u00ed\u017eit na 1:2, ale u\u017e o dv\u011b minuty pozd\u011bji odpov\u011bd\u011bl kapit\u00e1n kop\u0159ivnick\u00e9ho t\u00fdmu, Tom\u00e1\u0161 Vesel\u00fd, a vr\u00e1til dom\u00e1c\u00edm dvoug\u00f3lov\u00fd n\u00e1skok.<\/p>\n<h2>T\u0159et\u00ed t\u0159etina: Zape\u010det\u011bn\u00e1 v\u00fdhra<\/h2>\n<p>T\u0159et\u00ed t\u0159etina byla z pohledu HC ISMM Kop\u0159ivnice klidn\u00e1. Hr\u00e1\u010di kontrolovali hru a p\u0159idali je\u0161t\u011b dv\u011b branky. V 52. minut\u011b se prosadil mlad\u00edk David Hor\u00e1k a v 60. minut\u011b dovr\u0161il hattrick Jan Nov\u00e1k.  <strong style=\"font-weight: bold;\">Kone\u010dn\u00fd stav 4:1 pro HC ISMM Kop\u0159ivnice odr\u00e1\u017e\u00ed zaslou\u017eenou v\u00fdhru dom\u00e1c\u00edch hokejist\u016f.<\/strong><\/p>\n<h2>Kl\u00ed\u010dov\u00e9 momenty z\u00e1pasu<\/h2>\n<ul>\n<li>Skv\u011bl\u00fd v\u00fdkon brank\u00e1\u0159e Petra Svobody, kter\u00fd zlikvidoval \u0159adu \u0161anc\u00ed soupe\u0159e.<\/li>\n<li>Dva g\u00f3ly Jana Nov\u00e1ka, kter\u00fd se stal st\u0159elcem z\u00e1pasu.<\/li>\n<li>Solidn\u00ed defenziva HC ISMM Kop\u0159ivnice, kter\u00e1 nedovolila Drac\u016fm se dostat do vylo\u017een\u00fdch \u0161anc\u00ed.<\/li>\n<\/ul>\n<p>Tato v\u00fdhra posouv\u00e1 HC ISMM Kop\u0159ivnice v tabulce nahoru. P\u0159\u00ed\u0161t\u00ed z\u00e1pas odehraj\u00ed kop\u0159ivni\u010dt\u00ed hokejist\u00e9 na led\u011b soupe\u0159e. Sledujte n\u00e1\u0161 web pro dal\u0161\u00ed informace a reporty z jejich z\u00e1pas\u016f! <strong style=\"font-weight: bold;\">Podpo\u0159te HC ISMM Kop\u0159ivnice a p\u0159ij\u010fte fandit na dal\u0161\u00ed dom\u00e1c\u00ed z\u00e1pasy!<\/strong><\/p>\n","protected":false},"excerpt":{"rendered":"<p>Hokejov\u00fd klub HC ISMM Kop\u0159ivnice se v des\u00e1t\u00e9m kole sout\u011b\u017ee utkal s ambici\u00f3zn\u00edmi Dracy z \u0160umperka. Z\u00e1pas nab\u00eddl div\u00e1k\u016fm strhuj\u00edc\u00ed pod\u00edvanou plnou emoc\u00ed, rychl\u00fdch proti\u00fatok\u016f a nakonec i zaslou\u017eenou v\u00fdhru pro dom\u00e1c\u00ed t\u00fdm. P\u0159e\u010dt\u011bte si podrobn\u00fd report a zjist\u011bte, jak se kop\u0159ivnick\u00fdm hokejist\u016fm da\u0159ilo! Prvn\u00ed t\u0159etina: Hra se rozj\u00ed\u017ed\u00ed \u00davodn\u00ed t\u0159etina byla opatrn\u00e1 z obou &#8230; <a title=\"Draci padli v Kop\u0159ivnici! Jak se HC ISMM prosadil v 10. kole?\" class=\"read-more\" href=\"https:\/\/hcismm.cz\/index.php\/2023-13\/10-2\/25-2\/10-kolo-hc-ismm-koprivnice-draci-pars-sumperk-43p-13-20-00-10\/\" aria-label=\"Read more about Draci padli v Kop\u0159ivnici! Jak se HC ISMM prosadil v 10. kole?\">Read more<\/a><\/p>\n","protected":false},"author":2,"featured_media":0,"parent":665,"menu_order":0,"comment_status":"closed","ping_status":"closed","template":"","meta":{"footnotes":""},"class_list":["post-668","page","type-page","status-publish"],"_links":{"self":[{"href":"https:\/\/hcismm.cz\/index.php\/wp-json\/wp\/v2\/pages\/668","targetHints":{"allow":["GET"]}}],"collection":[{"href":"https:\/\/hcismm.cz\/index.php\/wp-json\/wp\/v2\/pages"}],"about":[{"href":"https:\/\/hcismm.cz\/index.php\/wp-json\/wp\/v2\/types\/page"}],"author":[{"embeddable":true,"href":"https:\/\/hcismm.cz\/index.php\/wp-json\/wp\/v2\/users\/2"}],"replies":[{"embeddable":true,"href":"https:\/\/hcismm.cz\/index.php\/wp-json\/wp\/v2\/comments?post=668"}],"version-history":[{"count":0,"href":"https:\/\/hcismm.cz\/index.php\/wp-json\/wp\/v2\/pages\/668\/revisions"}],"up":[{"embeddable":true,"href":"https:\/\/hcismm.cz\/index.php\/wp-json\/wp\/v2\/pages\/665"}],"wp:attachment":[{"href":"https:\/\/hcismm.cz\/index.php\/wp-json\/wp\/v2\/media?parent=668"}],"curies":[{"name":"wp","href":"https:\/\/api.w.org\/{rel}","templated":true}]}}