{"id":692,"date":"2026-05-01T00:30:40","date_gmt":"2026-05-01T00:30:40","guid":{"rendered":"https:\/\/hcismm.cz\/index.php\/kontakt\/"},"modified":"2026-05-01T00:30:40","modified_gmt":"2026-05-01T00:30:40","slug":"kontakt","status":"publish","type":"page","link":"https:\/\/hcismm.cz\/index.php\/kontakt\/","title":{"rendered":"Pot\u0159ebujete se na n\u00e1s obr\u00e1tit? V\u0161echny kontakty HC Tatra Kop\u0159ivnice na jednom m\u00edst\u011b!"},"content":{"rendered":"<p>Hokejov\u00fd klub HC Tatra Kop\u0159ivnice je srdcem kop\u0159ivnick\u00e9ho hokeje a r\u00e1di v\u00e1s p\u0159iv\u00edt\u00e1me mezi sv\u00fdmi fanou\u0161ky! M\u00e1te dotaz, pot\u0159ebujete informace o na\u0161em t\u00fdmu, nebo se chcete zapojit do d\u011bn\u00ed? Na t\u00e9to str\u00e1nce naleznete v\u0161echny d\u016fle\u017eit\u00e9 kontaktn\u00ed \u00fadaje, abyste se s n\u00e1mi mohli snadno spojit.<\/p>\n<h2>Kontaktn\u00ed \u00fadaje pro fanou\u0161ky a ve\u0159ejnost<\/h2>\n<p>A\u0165 u\u017e m\u00e1te ot\u00e1zky ohledn\u011b vstupenek, term\u00edn\u016f z\u00e1pas\u016f, nebo se zaj\u00edm\u00e1te o aktivity klubu, r\u00e1di v\u00e1m pom\u016f\u017eeme. Zde naleznete na\u0161e kontaktn\u00ed informace:<\/p>\n<ul>\n<li><strong>Adresa klubu:<\/strong> Sportovn\u00ed are\u00e1l Kop\u0159ivnice, Dukelsk\u00e9 n\u00e1m\u011bst\u00ed 1319, 739 61 Kop\u0159ivnice<\/li>\n<li><strong>E-mail:<\/strong> <a href=\"mailto:info@hctatra.cz\">info@hctatra.cz<\/a><\/li>\n<li><strong>Telefon:<\/strong> +420 569 422 114 (v pracovn\u00ed dny)<\/li>\n<\/ul>\n<h2>Kontakty pro m\u00e9dia a partnery<\/h2>\n<p>Pro m\u00e9dia a potenci\u00e1ln\u00ed partnery m\u00e1me vyhrazen\u00e9 kontakty, abychom zajistili rychlou a efektivn\u00ed komunikaci. Pokud jste z\u00e1stupce m\u00e9di\u00ed a pot\u0159ebujete informace pro tisk, nebo m\u00e1te z\u00e1jem o spolupr\u00e1ci, obra\u0165te se na:<\/p>\n<ul>\n<li><strong>PR a m\u00e9dia kontakty:<\/strong> <a href=\"mailto:media@hctatra.cz\">media@hctatra.cz<\/a><\/li>\n<li><strong>Obchodn\u00ed kontakty a sponzoring:<\/strong> <a href=\"mailto:sponzoring@hctatra.cz\">sponzoring@hctatra.cz<\/a><\/li>\n<\/ul>\n<h2>Kontakty na funkcion\u00e1\u0159e a tren\u00e9ry<\/h2>\n<p>Pokud m\u00e1te specifick\u00e9 dotazy t\u00fdkaj\u00edc\u00ed se sportovn\u00ed str\u00e1nky v\u011bci, m\u016f\u017eete se obr\u00e1tit p\u0159\u00edmo na na\u0161e funkcion\u00e1\u0159e a tren\u00e9ry. Kontakty na jednotliv\u00e9 osoby naleznete na na\u0161ich webov\u00fdch str\u00e1nk\u00e1ch v sekci <a href=\"https:\/\/hctatra.cz\/kontakty\/\">Kontakty<\/a>.  Na t\u00e9to str\u00e1nce najdete p\u0159ehledn\u00fd seznam a kontaktn\u00ed \u00fadaje na jednotliv\u00e9 osoby, se kter\u00fdmi se m\u016f\u017eete spojit.<\/p>\n<h2>Sledujte n\u00e1s na soci\u00e1ln\u00edch s\u00edt\u00edch!<\/h2>\n<p>Chcete b\u00fdt neust\u00e1le v obraze a m\u00edt p\u0159ehled o v\u0161ech novink\u00e1ch z t\u00e1bora HC Tatra Kop\u0159ivnice? Sledujte n\u00e1s na soci\u00e1ln\u00edch s\u00edt\u00edch:<\/p>\n<ul>\n<li><strong>Facebook:<\/strong> <a href=\"https:\/\/www.facebook.com\/HCTatraKoprivnice\/\">HC Tatra Kop\u0159ivnice<\/a><\/li>\n<li><strong>Instagram:<\/strong> <a href=\"https:\/\/www.instagram.com\/hctatra_koprivnice\/\">@hctatra_koprivnice<\/a><\/li>\n<\/ul>\n<p><strong>T\u011b\u0161\u00edme se na va\u0161e zpr\u00e1vy a na setk\u00e1n\u00ed s v\u00e1mi v kop\u0159ivnick\u00e9 hale!<\/strong> Podpo\u0159te n\u00e1\u0161 t\u00fdm a bu\u010fte sou\u010d\u00e1st\u00ed hokejov\u00e9 rodiny HC Tatra Kop\u0159ivnice.<\/p>\n","protected":false},"excerpt":{"rendered":"<p>Hokejov\u00fd klub HC Tatra Kop\u0159ivnice je srdcem kop\u0159ivnick\u00e9ho hokeje a r\u00e1di v\u00e1s p\u0159iv\u00edt\u00e1me mezi sv\u00fdmi fanou\u0161ky! M\u00e1te dotaz, pot\u0159ebujete informace o na\u0161em t\u00fdmu, nebo se chcete zapojit do d\u011bn\u00ed? Na t\u00e9to str\u00e1nce naleznete v\u0161echny d\u016fle\u017eit\u00e9 kontaktn\u00ed \u00fadaje, abyste se s n\u00e1mi mohli snadno spojit. Kontaktn\u00ed \u00fadaje pro fanou\u0161ky a ve\u0159ejnost A\u0165 u\u017e m\u00e1te ot\u00e1zky ohledn\u011b &#8230; <a title=\"Pot\u0159ebujete se na n\u00e1s obr\u00e1tit? V\u0161echny kontakty HC Tatra Kop\u0159ivnice na jednom m\u00edst\u011b!\" class=\"read-more\" href=\"https:\/\/hcismm.cz\/index.php\/kontakt\/\" aria-label=\"Read more about Pot\u0159ebujete se na n\u00e1s obr\u00e1tit? V\u0161echny kontakty HC Tatra Kop\u0159ivnice na jednom m\u00edst\u011b!\">Read more<\/a><\/p>\n","protected":false},"author":2,"featured_media":0,"parent":0,"menu_order":0,"comment_status":"closed","ping_status":"closed","template":"","meta":{"footnotes":""},"class_list":["post-692","page","type-page","status-publish"],"_links":{"self":[{"href":"https:\/\/hcismm.cz\/index.php\/wp-json\/wp\/v2\/pages\/692","targetHints":{"allow":["GET"]}}],"collection":[{"href":"https:\/\/hcismm.cz\/index.php\/wp-json\/wp\/v2\/pages"}],"about":[{"href":"https:\/\/hcismm.cz\/index.php\/wp-json\/wp\/v2\/types\/page"}],"author":[{"embeddable":true,"href":"https:\/\/hcismm.cz\/index.php\/wp-json\/wp\/v2\/users\/2"}],"replies":[{"embeddable":true,"href":"https:\/\/hcismm.cz\/index.php\/wp-json\/wp\/v2\/comments?post=692"}],"version-history":[{"count":0,"href":"https:\/\/hcismm.cz\/index.php\/wp-json\/wp\/v2\/pages\/692\/revisions"}],"wp:attachment":[{"href":"https:\/\/hcismm.cz\/index.php\/wp-json\/wp\/v2\/media?parent=692"}],"curies":[{"name":"wp","href":"https:\/\/api.w.org\/{rel}","templated":true}]}}