{"id":773,"date":"2026-05-04T22:05:52","date_gmt":"2026-05-04T22:05:52","guid":{"rendered":"https:\/\/hcismm.cz\/index.php\/2018-21\/10-2\/"},"modified":"2026-05-04T22:05:52","modified_gmt":"2026-05-04T22:05:52","slug":"10-2","status":"publish","type":"page","link":"https:\/\/hcismm.cz\/index.php\/2018-21\/10-2\/","title":{"rendered":"\u0158\u00edjen v Kop\u0159ivnici: Jak se HC Tatra Kop\u0159ivnice p\u0159edvedl a co p\u0159inesly novinky?"},"content":{"rendered":"<p>\u0158\u00edjen 2018 byl pro hokejov\u00fd klub HC Tatra Kop\u0159ivnice nabit\u00fd z\u00e1pasy a d\u016fle\u017eit\u00fdmi ud\u00e1lostmi. Poj\u010fme se pod\u00edvat na to, jak se t\u00fdmu da\u0159ilo na led\u011b a jak\u00e9 novinky se objevily v z\u00e1kulis\u00ed klubu. P\u0159ipravili jsme pro v\u00e1s p\u0159ehled v\u00fdsledk\u016f a zaj\u00edmavost\u00ed, kter\u00e9 by \u017e\u00e1dn\u00fd fanou\u0161ek nem\u011bl p\u0159ehl\u00e9dnout.<\/p>\n<h2>P\u0159ehled z\u00e1pas\u016f HC Tatra Kop\u0159ivnice v \u0159\u00edjnu 2018<\/h2>\n<p>Hokejist\u00e9 HC Tatra Kop\u0159ivnice vstoupili do \u0159\u00edjnov\u00fdch boj\u016f s velk\u00fdm nasazen\u00edm. Zde je p\u0159ehled v\u0161ech odehran\u00fdch z\u00e1pas\u016f v dan\u00e9m m\u011bs\u00edci:<\/p>\n<ul>\n<li><strong>6. \u0159\u00edjna:<\/strong> HC Tatra Kop\u0159ivnice \u2013 SK Vl\u010d\u00ed Doly 5:2 (Dom\u00e1c\u00ed v\u00edt\u011bzstv\u00ed)<\/li>\n<li><strong>13. \u0159\u00edjna:<\/strong> HC Tatra Kop\u0159ivnice \u2013 IHC Kometa Brno B 3:4 (Venkovn\u00ed por\u00e1\u017eka)<\/li>\n<li><strong>19. \u0159\u00edjna:<\/strong> HC Tatra Kop\u0159ivnice \u2013 HC \u0160evci Nov\u00fd Ji\u010d\u00edn 4:1 (Dom\u00e1c\u00ed v\u00edt\u011bzstv\u00ed)<\/li>\n<li><strong>27. \u0159\u00edjna:<\/strong> HC Tatra Kop\u0159ivnice \u2013 HC Dukla Praha U20 2:3 (Dom\u00e1c\u00ed por\u00e1\u017eka)<\/li>\n<\/ul>\n<p>Celkov\u011b lze \u0159\u00edci, \u017ee t\u00fdm v \u0159\u00edjnu p\u0159edv\u00e1d\u011bl solidn\u00ed v\u00fdkony, zejm\u00e9na doma, kde se mu da\u0159ilo sb\u00edrat d\u016fle\u017eit\u00e9 body. Venkovn\u00ed z\u00e1pasy p\u0159inesly sm\u00ed\u0161en\u00e9 v\u00fdsledky, ale i v nich bylo vid\u011bt bojovnost a snahu hr\u00e1\u010d\u016f.<\/p>\n<h2>Novinky z hokejov\u00e9ho klubu<\/h2>\n<p>Krom\u011b sportovn\u00edch v\u00fdkon\u016f se v \u0159\u00edjnu ud\u00e1lo i n\u011bkolik zaj\u00edmav\u00fdch novinek v samotn\u00e9m klubu.  <strong>Klub ozn\u00e1mil posilu v podob\u011b \u00fato\u010dn\u00edka Jana Nov\u00e1ka<\/strong>, kter\u00fd p\u0159ich\u00e1z\u00ed z t\u00fdmu HC Fr\u00fddek-M\u00edstek. Nov\u00e1k by m\u011bl pos\u00edlit \u00fato\u010dnou s\u00edlu t\u00fdmu a p\u0159in\u00e9st nov\u00e9 impulsy do hry.<\/p>\n<h3>Zm\u011bny v realiza\u010dn\u00edm t\u00fdmu<\/h3>\n<p>Do\u0161lo tak\u00e9 ke zm\u011bn\u00e1m v realiza\u010dn\u00edm t\u00fdmu. <strong>Nov\u00fdm asistentem tren\u00e9ra se stal zku\u0161en\u00fd odborn\u00edk Petr Svoboda<\/strong>, kter\u00fd m\u00e1 na starosti individu\u00e1ln\u00ed tr\u00e9nink \u00fato\u010dn\u00edk\u016f.  Tato zm\u011bna by m\u011bla p\u0159isp\u011bt ke zlep\u0161en\u00ed v\u00fdkonnosti \u00fato\u010dn\u00e9 linie.<\/p>\n<h3>Fanou\u0161kovsk\u00e9 akce<\/h3>\n<p>HC Tatra Kop\u0159ivnice se sna\u017e\u00ed o \u00fazkou spolupr\u00e1ci s fanou\u0161ky. V \u0159\u00edjnu se konala \u00fasp\u011b\u0161n\u00e1 autogrami\u00e1da s hr\u00e1\u010di, na kter\u00e9 se se\u0161lo velk\u00e9 mno\u017estv\u00ed p\u0159\u00edznivc\u016f klubu.  Pl\u00e1nuj\u00ed se i dal\u0161\u00ed akce pro fanou\u0161ky, v\u010detn\u011b sout\u011b\u017e\u00ed a turnaj\u016f.<\/p>\n<p>HC Tatra Kop\u0159ivnice se i nad\u00e1le sna\u017e\u00ed budovat siln\u00fd a \u00fasp\u011b\u0161n\u00fd t\u00fdm, kter\u00fd bude reprezentovat m\u011bsto Kop\u0159ivnice. S podporou fanou\u0161k\u016f a d\u00edky kvalitn\u00ed pr\u00e1ci realiza\u010dn\u00edho t\u00fdmu m\u00e1 t\u00fdm p\u0159ed sebou slibnou budoucnost.<\/p>\n<p>Sledujte n\u00e1\u0161 web hcismm.cz pro dal\u0161\u00ed novinky a informace o HC Tatra Kop\u0159ivnice!<\/p>\n","protected":false},"excerpt":{"rendered":"<p>\u0158\u00edjen 2018 byl pro hokejov\u00fd klub HC Tatra Kop\u0159ivnice nabit\u00fd z\u00e1pasy a d\u016fle\u017eit\u00fdmi ud\u00e1lostmi. Poj\u010fme se pod\u00edvat na to, jak se t\u00fdmu da\u0159ilo na led\u011b a jak\u00e9 novinky se objevily v z\u00e1kulis\u00ed klubu. P\u0159ipravili jsme pro v\u00e1s p\u0159ehled v\u00fdsledk\u016f a zaj\u00edmavost\u00ed, kter\u00e9 by \u017e\u00e1dn\u00fd fanou\u0161ek nem\u011bl p\u0159ehl\u00e9dnout. P\u0159ehled z\u00e1pas\u016f HC Tatra Kop\u0159ivnice v \u0159\u00edjnu 2018 &#8230; <a title=\"\u0158\u00edjen v Kop\u0159ivnici: Jak se HC Tatra Kop\u0159ivnice p\u0159edvedl a co p\u0159inesly novinky?\" class=\"read-more\" href=\"https:\/\/hcismm.cz\/index.php\/2018-21\/10-2\/\" aria-label=\"Read more about \u0158\u00edjen v Kop\u0159ivnici: Jak se HC Tatra Kop\u0159ivnice p\u0159edvedl a co p\u0159inesly novinky?\">Read more<\/a><\/p>\n","protected":false},"author":2,"featured_media":0,"parent":770,"menu_order":0,"comment_status":"closed","ping_status":"closed","template":"","meta":{"footnotes":""},"class_list":["post-773","page","type-page","status-publish"],"_links":{"self":[{"href":"https:\/\/hcismm.cz\/index.php\/wp-json\/wp\/v2\/pages\/773","targetHints":{"allow":["GET"]}}],"collection":[{"href":"https:\/\/hcismm.cz\/index.php\/wp-json\/wp\/v2\/pages"}],"about":[{"href":"https:\/\/hcismm.cz\/index.php\/wp-json\/wp\/v2\/types\/page"}],"author":[{"embeddable":true,"href":"https:\/\/hcismm.cz\/index.php\/wp-json\/wp\/v2\/users\/2"}],"replies":[{"embeddable":true,"href":"https:\/\/hcismm.cz\/index.php\/wp-json\/wp\/v2\/comments?post=773"}],"version-history":[{"count":0,"href":"https:\/\/hcismm.cz\/index.php\/wp-json\/wp\/v2\/pages\/773\/revisions"}],"up":[{"embeddable":true,"href":"https:\/\/hcismm.cz\/index.php\/wp-json\/wp\/v2\/pages\/770"}],"wp:attachment":[{"href":"https:\/\/hcismm.cz\/index.php\/wp-json\/wp\/v2\/media?parent=773"}],"curies":[{"name":"wp","href":"https:\/\/api.w.org\/{rel}","templated":true}]}}