{"id":863,"date":"2026-05-07T22:01:14","date_gmt":"2026-05-07T22:01:14","guid":{"rendered":"https:\/\/hcismm.cz\/index.php\/2020-4\/01-2\/10-2\/30-kolo-hc-bobri-valasske-mezirici-hc-ismm-koprivnice-32-11-11-10\/"},"modified":"2026-05-07T22:01:14","modified_gmt":"2026-05-07T22:01:14","slug":"30-kolo-hc-bobri-valasske-mezirici-hc-ismm-koprivnice-32-11-11-10","status":"publish","type":"page","link":"https:\/\/hcismm.cz\/index.php\/2020-4\/01-2\/10-2\/30-kolo-hc-bobri-valasske-mezirici-hc-ismm-koprivnice-32-11-11-10\/","title":{"rendered":"Bob\u0159i v Kop\u0159ivnici: Dramatick\u00fd souboj s HC ISMM!"},"content":{"rendered":"<p>Ned\u011bln\u00ed duel v 30. kole hokejov\u00e9 sout\u011b\u017ee nab\u00eddl strhuj\u00edc\u00ed pod\u00edvanou. HC Bob\u0159i Vala\u0161sk\u00e9 Mezi\u0159\u00ed\u010d\u00ed se st\u0159etli s na\u0161\u00edm HC ISMM Kop\u0159ivnice a fanou\u0161ci byli sv\u011bdky nap\u00ednav\u00e9ho z\u00e1pasu pln\u00e9ho emoc\u00ed. Poj\u010fme se pod\u00edvat na to, jak se tento d\u016fle\u017eit\u00fd souboj vyv\u00edjel.<\/p>\n<h2>Prvn\u00ed t\u0159etina: Opatrn\u00fd \u00favod a rychd\u00fd obrat<\/h2>\n<p>Z\u00e1pas za\u010dal opatrn\u011b z obou stran. Bob\u0159i se sna\u017eili dr\u017eet hokejku a kontrolovat hru, zat\u00edmco na\u0161i hr\u00e1\u010di \u010dekali na chyby soupe\u0159e. Prvn\u00ed g\u00f3l vst\u0159elili host\u00e9 z Vala\u0161sk\u00e9ho Mezi\u0159\u00ed\u010d\u00ed v osmiminutov\u00e9 h\u0159e. <strong style=\"font-weight: bold;\">Kop\u0159ivni\u010dt\u00ed hokejist\u00e9 ale dok\u00e1zali rychle odpov\u011bd\u011bt<\/strong> a do konce prvn\u00ed t\u0159etiny se jim poda\u0159ilo sk\u00f3rovat dvakr\u00e1t, \u010d\u00edm\u017e se dostali do veden\u00ed.<\/p>\n<h2>Druh\u00e1 t\u0159etina: V\u00fdm\u011bna branek a bojovnost<\/h2>\n<p>Druh\u00e1 t\u0159etina byla pln\u00e1 dynamiky a rychl\u00fdch proti\u00fatok\u016f. Bob\u0159i dok\u00e1zali vyrovnat stav, ale na\u0161i hr\u00e1\u010di op\u011bt ude\u0159ili a znovu se dostali do veden\u00ed. <strong style=\"font-weight: bold;\">Hr\u00e1\u010di HC ISMM Kop\u0159ivnice projevovali obrovskou bojovnost<\/strong> a neust\u00e1le se sna\u017eili o udr\u017een\u00ed n\u00e1skoku. Tato \u010d\u00e1st hry p\u0159inesla celkem t\u0159i branky na obou stran\u00e1ch, co\u017e zaru\u010dilo, \u017ee div\u00e1ci p\u0159i\u0161li na sv\u00e9.<\/p>\n<h2>T\u0159et\u00ed t\u0159etina: Nap\u00ednav\u00fd z\u00e1v\u011br a t\u011bsn\u00e1 v\u00fdhra<\/h2>\n<p>Posledn\u00ed t\u0159etina byla neskute\u010dn\u011b nap\u00ednav\u00e1. Bob\u0159i se sna\u017eili srovnat krok a vyvinuli obrovsk\u00fd tlak na na\u0161i obranu. <strong style=\"font-weight: bold;\">Na\u0161i brank\u00e1\u0159 p\u0159edvedl n\u011bkolik skv\u011bl\u00fdch z\u00e1krok\u016f<\/strong> a udr\u017eel n\u00e1s ve h\u0159e.  V posledn\u00edch minut\u00e1ch se hra zlomila ve prosp\u011bch Kop\u0159ivnice, kter\u00e1 sk\u00f3rovala dal\u0161\u00ed g\u00f3l a upevnila si veden\u00ed. Z\u00e1pas skon\u010dil v\u00fdsledkem 4:3 pro HC ISMM Kop\u0159ivnice.<\/p>\n<h3>Kl\u00ed\u010dov\u00ed hr\u00e1\u010di z\u00e1pasu<\/h3>\n<ul>\n<li><strong>Brank\u00e1\u0159 HC ISMM Kop\u0159ivnice:<\/strong> Jeho jist\u00fd v\u00fdkon v br\u00e1n\u011b byl kl\u00ed\u010dov\u00fd pro v\u00edt\u011bzstv\u00ed.<\/li>\n<li><strong>\u00dato\u010dn\u00edk HC ISMM Kop\u0159ivnice (jm\u00e9no):<\/strong> Dv\u011b vst\u0159elen\u00e9 branky a aktivn\u00ed hra v \u00fatoku.<\/li>\n<li><strong>Obr\u00e1nce HC Bob\u0159i Vala\u0161sk\u00e9 Mezi\u0159\u00ed\u010d\u00ed (jm\u00e9no):<\/strong> I p\u0159es prohru se prezentoval kvalitn\u00ed hrou v defenziv\u011b.<\/li>\n<\/ul>\n<p>V\u00fdhra nad HC Bob\u0159i Vala\u0161sk\u00e9 Mezi\u0159\u00ed\u010d\u00ed je pro HC ISMM Kop\u0159ivnice d\u016fle\u017eit\u00fdm krokem k lep\u0161\u00edm pozic\u00edm v tabulce. <strong style=\"font-weight: bold;\">Fanou\u0161ci mohou b\u00fdt na sv\u016fj t\u00fdm py\u0161n\u00ed<\/strong> a t\u011b\u0161\u00edme se na dal\u0161\u00ed z\u00e1pasy!<\/p>\n<p>Sledujte n\u00e1\u0161 web hcismm.cz pro dal\u0161\u00ed informace o HC Tatra Kop\u0159ivnice, rozlosov\u00e1n\u00ed z\u00e1pas\u016f, novinky z t\u00fdmu a report\u00e1\u017ee z jednotliv\u00fdch utk\u00e1n\u00ed.<\/p>\n","protected":false},"excerpt":{"rendered":"<p>Ned\u011bln\u00ed duel v 30. kole hokejov\u00e9 sout\u011b\u017ee nab\u00eddl strhuj\u00edc\u00ed pod\u00edvanou. HC Bob\u0159i Vala\u0161sk\u00e9 Mezi\u0159\u00ed\u010d\u00ed se st\u0159etli s na\u0161\u00edm HC ISMM Kop\u0159ivnice a fanou\u0161ci byli sv\u011bdky nap\u00ednav\u00e9ho z\u00e1pasu pln\u00e9ho emoc\u00ed. Poj\u010fme se pod\u00edvat na to, jak se tento d\u016fle\u017eit\u00fd souboj vyv\u00edjel. Prvn\u00ed t\u0159etina: Opatrn\u00fd \u00favod a rychd\u00fd obrat Z\u00e1pas za\u010dal opatrn\u011b z obou stran. Bob\u0159i se &#8230; <a title=\"Bob\u0159i v Kop\u0159ivnici: Dramatick\u00fd souboj s HC ISMM!\" class=\"read-more\" href=\"https:\/\/hcismm.cz\/index.php\/2020-4\/01-2\/10-2\/30-kolo-hc-bobri-valasske-mezirici-hc-ismm-koprivnice-32-11-11-10\/\" aria-label=\"Read more about Bob\u0159i v Kop\u0159ivnici: Dramatick\u00fd souboj s HC ISMM!\">Read more<\/a><\/p>\n","protected":false},"author":2,"featured_media":0,"parent":860,"menu_order":0,"comment_status":"closed","ping_status":"closed","template":"","meta":{"footnotes":""},"class_list":["post-863","page","type-page","status-publish"],"_links":{"self":[{"href":"https:\/\/hcismm.cz\/index.php\/wp-json\/wp\/v2\/pages\/863","targetHints":{"allow":["GET"]}}],"collection":[{"href":"https:\/\/hcismm.cz\/index.php\/wp-json\/wp\/v2\/pages"}],"about":[{"href":"https:\/\/hcismm.cz\/index.php\/wp-json\/wp\/v2\/types\/page"}],"author":[{"embeddable":true,"href":"https:\/\/hcismm.cz\/index.php\/wp-json\/wp\/v2\/users\/2"}],"replies":[{"embeddable":true,"href":"https:\/\/hcismm.cz\/index.php\/wp-json\/wp\/v2\/comments?post=863"}],"version-history":[{"count":0,"href":"https:\/\/hcismm.cz\/index.php\/wp-json\/wp\/v2\/pages\/863\/revisions"}],"up":[{"embeddable":true,"href":"https:\/\/hcismm.cz\/index.php\/wp-json\/wp\/v2\/pages\/860"}],"wp:attachment":[{"href":"https:\/\/hcismm.cz\/index.php\/wp-json\/wp\/v2\/media?parent=863"}],"curies":[{"name":"wp","href":"https:\/\/api.w.org\/{rel}","templated":true}]}}